{"id":80,"date":"2017-12-07T14:31:23","date_gmt":"2017-12-07T14:31:23","guid":{"rendered":"http:\/\/buch.modernklusion.de\/?page_id=80"},"modified":"2018-11-11T17:11:29","modified_gmt":"2018-11-11T17:11:29","slug":"beratungsunterstuetzung-und-zusicherung-der-finanzierung-bleibt-aus","status":"publish","type":"page","link":"http:\/\/buch.modernklusion.de\/?page_id=80","title":{"rendered":"Beratungsunterst\u00fctzung und Zusicherung der Finanzierung bleibt aus"},"content":{"rendered":"<p>Fast geschafft \u2013 doch das ist in diesem Sinne nur ein Wunschdenken. In Essen hatten wir eigentlich, wie im Teilkapitel <a href=\"http:\/\/buch.modernklusion.de\/?page_id=78\">Termin in Essen .. Arbeitgeber mit allen Anspr\u00fcchen<\/a> der Ende Februar 2012 stattfand hierbei wurde vereinbart, dass nun regelm\u00e4\u00dfig die Finanzierung von statten gehen sollte. Doch wie schon in der ganzen Zeit &#8211; seit dem ich mich f\u00fcr diese Form des Lebens entschieden habe &#8211; blieb wieder mal in der Realit\u00e4t das Vereinbarte auf der Strecke.<\/p>\n","protected":false},"excerpt":{"rendered":"<p>Fast geschafft \u2013 doch das ist in diesem Sinne nur ein Wunschdenken. In Essen hatten wir eigentlich, wie im Teilkapitel<\/p>\n","protected":false},"author":1,"featured_media":0,"parent":0,"menu_order":0,"comment_status":"closed","ping_status":"closed","template":"","meta":{"footnotes":""},"_links":{"self":[{"href":"http:\/\/buch.modernklusion.de\/index.php?rest_route=\/wp\/v2\/pages\/80"}],"collection":[{"href":"http:\/\/buch.modernklusion.de\/index.php?rest_route=\/wp\/v2\/pages"}],"about":[{"href":"http:\/\/buch.modernklusion.de\/index.php?rest_route=\/wp\/v2\/types\/page"}],"author":[{"embeddable":true,"href":"http:\/\/buch.modernklusion.de\/index.php?rest_route=\/wp\/v2\/users\/1"}],"replies":[{"embeddable":true,"href":"http:\/\/buch.modernklusion.de\/index.php?rest_route=%2Fwp%2Fv2%2Fcomments&post=80"}],"version-history":[{"count":4,"href":"http:\/\/buch.modernklusion.de\/index.php?rest_route=\/wp\/v2\/pages\/80\/revisions"}],"predecessor-version":[{"id":326,"href":"http:\/\/buch.modernklusion.de\/index.php?rest_route=\/wp\/v2\/pages\/80\/revisions\/326"}],"wp:attachment":[{"href":"http:\/\/buch.modernklusion.de\/index.php?rest_route=%2Fwp%2Fv2%2Fmedia&parent=80"}],"curies":[{"name":"wp","href":"https:\/\/api.w.org\/{rel}","templated":true}]}}

Beratungsunterstützung und Zusicherung der Finanzierung bleibt aus

<p>Fast geschafft – doch das ist in diesem Sinne nur ein Wunschdenken. In Essen hatten wir eigentlich, wie im Teilkapitel <a href="http://buch.modernklusion.de/?page_id=78">Termin in Essen .. Arbeitgeber mit allen Ansprüchen</a> der Ende Februar 2012 stattfand hierbei wurde vereinbart, dass nun regelmäßig die Finanzierung von statten gehen sollte. Doch wie schon in der ganzen Zeit &#8211; seit dem ich mich für diese Form des Lebens entschieden habe &#8211; blieb wieder mal in der Realität das Vereinbarte auf der Strecke.</p>
