{"id":78,"date":"2017-12-07T14:30:57","date_gmt":"2017-12-07T14:30:57","guid":{"rendered":"http:\/\/buch.modernklusion.de\/?page_id=78"},"modified":"2018-01-03T17:13:55","modified_gmt":"2018-01-03T17:13:55","slug":"termin-in-essen-arbeitgeber-mit-allen-anspruechen","status":"publish","type":"page","link":"http:\/\/buch.modernklusion.de\/?page_id=78","title":{"rendered":"Termin in Essen .. Arbeitgeber mit allen Anspr\u00fcchen"},"content":{"rendered":"<p>Es geht los:<\/p>\n<div class='polaroid-gallery galleryid-78' style='width:510px;'>\n\t\t\t<a href=\"http:\/\/buch.modernklusion.de\/wp-content\/uploads\/2018\/01\/entwurf-essen-s01-724x1024.png\" title=\"entwurf-essen-s01\" rel=\"polaroid_49152910\" class=\"polaroid-gallery-item showcaption\"><span class=\"polaroid-gallery-image\" title=\"\" style=\"background-image: url(http:\/\/buch.modernklusion.de\/wp-content\/uploads\/2018\/01\/entwurf-essen-s01-150x150.png); width: 150px; height: 150px;\"><\/span><\/a>\n\t\t\t<a href=\"http:\/\/buch.modernklusion.de\/wp-content\/uploads\/2018\/01\/entwurf-essen-s02-724x1024.png\" title=\"entwurf-essen-s02\" rel=\"polaroid_49152910\" class=\"polaroid-gallery-item showcaption\"><span class=\"polaroid-gallery-image\" title=\"\" style=\"background-image: url(http:\/\/buch.modernklusion.de\/wp-content\/uploads\/2018\/01\/entwurf-essen-s02-150x150.png); width: 150px; height: 150px;\"><\/span><\/a>\n\t\t\t<a href=\"http:\/\/buch.modernklusion.de\/wp-content\/uploads\/2018\/01\/entwurf-essen-s03-724x1024.png\" title=\"entwurf-essen-s03\" rel=\"polaroid_49152910\" class=\"polaroid-gallery-item showcaption\"><span class=\"polaroid-gallery-image\" title=\"\" style=\"background-image: url(http:\/\/buch.modernklusion.de\/wp-content\/uploads\/2018\/01\/entwurf-essen-s03-150x150.png); width: 150px; height: 150px;\"><\/span><\/a>\n\t\t\t<br style=\"clear: both;\" \/><\/div>\n\n<blockquote><p>Tats\u00e4chlich erhalte ich dann nach fast zwei Monaten eine Einladung zum Landessozialgericht in Essen, hier m\u00f6chte ein Schiedsgericht versuchen, ob eine Einigung ohne spezielle Anh\u00f6rung beschlossen werden kann. Dazu siehe den folgenden Brief:<\/p><\/blockquote>\n<div class='polaroid-gallery galleryid-78' style='width:510px;'>\n\t\t\t<a href=\"http:\/\/buch.modernklusion.de\/wp-content\/uploads\/2018\/01\/ladung-essen-s01-724x1024.png\" title=\"ladung-essen-s01\" rel=\"polaroid_339365185\" class=\"polaroid-gallery-item showcaption\"><span class=\"polaroid-gallery-image\" title=\"\" style=\"background-image: url(http:\/\/buch.modernklusion.de\/wp-content\/uploads\/2018\/01\/ladung-essen-s01-150x150.png); width: 150px; height: 150px;\"><\/span><\/a>\n\t\t\t<a href=\"http:\/\/buch.modernklusion.de\/wp-content\/uploads\/2018\/01\/ladung-essen-s02-724x1024.png\" title=\"ladung-essen-s02\" rel=\"polaroid_339365185\" class=\"polaroid-gallery-item showcaption\"><span class=\"polaroid-gallery-image\" title=\"\" style=\"background-image: url(http:\/\/buch.modernklusion.de\/wp-content\/uploads\/2018\/01\/ladung-essen-s02-150x150.png); width: 150px; height: 150px;\"><\/span><\/a>\n\t\t\t<a href=\"http:\/\/buch.modernklusion.de\/wp-content\/uploads\/2018\/01\/ladung-essen-s03-724x1024.png\" title=\"ladung-essen-s03\" rel=\"polaroid_339365185\" class=\"polaroid-gallery-item showcaption\"><span class=\"polaroid-gallery-image\" title=\"\" style=\"background-image: url(http:\/\/buch.modernklusion.de\/wp-content\/uploads\/2018\/01\/ladung-essen-s03-150x150.png); width: 150px; height: 150px;\"><\/span><\/a>\n\t\t\t<br style=\"clear: both;\" \/><\/div>\n\n<blockquote><p>Was nun noch der Sache behilflich war, ist das Eingest\u00e4ndnis, dass ich mich als Arbeitgeber verpflichten lasse. Das ist auch im folgenden Brief ersichtlich, darum gibt es jetzt wieder auch nur eine Kopie davon.<\/p><\/blockquote>\n<div class='polaroid-gallery galleryid-78' style='width:510px;'>\n\t\t\t<a href=\"http:\/\/buch.modernklusion.de\/wp-content\/uploads\/2018\/01\/protokoll-essen-s01-724x1024.png\" title=\"protokoll-essen-s01\" rel=\"polaroid_1871724539\" class=\"polaroid-gallery-item showcaption\"><span class=\"polaroid-gallery-image\" title=\"\" style=\"background-image: url(http:\/\/buch.modernklusion.de\/wp-content\/uploads\/2018\/01\/protokoll-essen-s01-150x150.png); width: 150px; height: 150px;\"><\/span><\/a>\n\t\t\t<a href=\"http:\/\/buch.modernklusion.de\/wp-content\/uploads\/2018\/01\/protokoll-essen-s02-724x1024.png\" title=\"protokoll-essen-s02\" rel=\"polaroid_1871724539\" class=\"polaroid-gallery-item showcaption\"><span class=\"polaroid-gallery-image\" title=\"\" style=\"background-image: url(http:\/\/buch.modernklusion.de\/wp-content\/uploads\/2018\/01\/protokoll-essen-s02-150x150.png); width: 150px; height: 150px;\"><\/span><\/a>\n\t\t\t<a href=\"http:\/\/buch.modernklusion.de\/wp-content\/uploads\/2018\/01\/protokoll-essen-s03-724x1024.png\" title=\"protokoll-essen-s03\" rel=\"polaroid_1871724539\" class=\"polaroid-gallery-item showcaption\"><span class=\"polaroid-gallery-image\" title=\"\" style=\"background-image: url(http:\/\/buch.modernklusion.de\/wp-content\/uploads\/2018\/01\/protokoll-essen-s03-150x150.png); width: 150px; height: 150px;\"><\/span><\/a>\n\t\t\t<br style=\"clear: both;\" \/>\n\t\t\t<a href=\"http:\/\/buch.modernklusion.de\/wp-content\/uploads\/2018\/01\/protokoll-essen-s04-724x1024.png\" title=\"protokoll-essen-s04\" rel=\"polaroid_1871724539\" class=\"polaroid-gallery-item showcaption\"><span class=\"polaroid-gallery-image\" title=\"\" style=\"background-image: url(http:\/\/buch.modernklusion.de\/wp-content\/uploads\/2018\/01\/protokoll-essen-s04-150x150.png); width: 150px; height: 150px;\"><\/span><\/a>\n\t\t\t<a href=\"http:\/\/buch.modernklusion.de\/wp-content\/uploads\/2018\/01\/protokoll-essen-s05-724x1024.png\" title=\"protokoll-essen-s05\" rel=\"polaroid_1871724539\" class=\"polaroid-gallery-item showcaption\"><span class=\"polaroid-gallery-image\" title=\"\" style=\"background-image: url(http:\/\/buch.modernklusion.de\/wp-content\/uploads\/2018\/01\/protokoll-essen-s05-150x150.png); width: 150px; height: 150px;\"><\/span><\/a>\n\t\t\t<br style=\"clear: both;\" \/><\/div>\n\n<p><strong><div class=\"alignleft\"><a href=\"http:\/\/buch.modernklusion.de\/?page_id=76\" title=\"Weitere Androhungen dem LWL gegen \u00fcber\">Letztes Kapitel: Weitere Androhungen dem LWL gegen \u00fcber<\/a><\/div> <\/strong><strong><div class=\"alignright\"><a href=\"http:\/\/buch.modernklusion.de\/?page_id=80\" title=\"Beratungsunterst\u00fctzung und Zusicherung der Finanzierung bleibt aus\">N\u00e4chstes Kapitel: Beratungsunterst\u00fctzung und Zusicherung der Finanzierung bleibt aus<\/a><\/div><\/strong><\/p>\n","protected":false},"excerpt":{"rendered":"<p>Es geht los: Tats\u00e4chlich erhalte ich dann nach fast zwei Monaten eine Einladung zum Landessozialgericht in Essen, hier m\u00f6chte ein<\/p>\n","protected":false},"author":1,"featured_media":0,"parent":0,"menu_order":0,"comment_status":"closed","ping_status":"closed","template":"","meta":{"footnotes":""},"_links":{"self":[{"href":"http:\/\/buch.modernklusion.de\/index.php?rest_route=\/wp\/v2\/pages\/78"}],"collection":[{"href":"http:\/\/buch.modernklusion.de\/index.php?rest_route=\/wp\/v2\/pages"}],"about":[{"href":"http:\/\/buch.modernklusion.de\/index.php?rest_route=\/wp\/v2\/types\/page"}],"author":[{"embeddable":true,"href":"http:\/\/buch.modernklusion.de\/index.php?rest_route=\/wp\/v2\/users\/1"}],"replies":[{"embeddable":true,"href":"http:\/\/buch.modernklusion.de\/index.php?rest_route=%2Fwp%2Fv2%2Fcomments&post=78"}],"version-history":[{"count":6,"href":"http:\/\/buch.modernklusion.de\/index.php?rest_route=\/wp\/v2\/pages\/78\/revisions"}],"predecessor-version":[{"id":305,"href":"http:\/\/buch.modernklusion.de\/index.php?rest_route=\/wp\/v2\/pages\/78\/revisions\/305"}],"wp:attachment":[{"href":"http:\/\/buch.modernklusion.de\/index.php?rest_route=%2Fwp%2Fv2%2Fmedia&parent=78"}],"curies":[{"name":"wp","href":"https:\/\/api.w.org\/{rel}","templated":true}]}}

Termin in Essen .. Arbeitgeber mit allen Ansprüchen

<p>Es geht los:</p>
<div class='polaroid-gallery galleryid-78' style='width:510px;'>
			<a href="http://buch.modernklusion.de/wp-content/uploads/2018/01/entwurf-essen-s01-724x1024.png" title="entwurf-essen-s01" rel="polaroid_49152910" class="polaroid-gallery-item showcaption"><span class="polaroid-gallery-image" title="" style="background-image: url(http://buch.modernklusion.de/wp-content/uploads/2018/01/entwurf-essen-s01-150x150.png); width: 150px; height: 150px;"></span></a>
			<a href="http://buch.modernklusion.de/wp-content/uploads/2018/01/entwurf-essen-s02-724x1024.png" title="entwurf-essen-s02" rel="polaroid_49152910" class="polaroid-gallery-item showcaption"><span class="polaroid-gallery-image" title="" style="background-image: url(http://buch.modernklusion.de/wp-content/uploads/2018/01/entwurf-essen-s02-150x150.png); width: 150px; height: 150px;"></span></a>
			<a href="http://buch.modernklusion.de/wp-content/uploads/2018/01/entwurf-essen-s03-724x1024.png" title="entwurf-essen-s03" rel="polaroid_49152910" class="polaroid-gallery-item showcaption"><span class="polaroid-gallery-image" title="" style="background-image: url(http://buch.modernklusion.de/wp-content/uploads/2018/01/entwurf-essen-s03-150x150.png); width: 150px; height: 150px;"></span></a>
			<br style="clear: both;" /></div>

<blockquote><p>Tatsächlich erhalte ich dann nach fast zwei Monaten eine Einladung zum Landessozialgericht in Essen, hier möchte ein Schiedsgericht versuchen, ob eine Einigung ohne spezielle Anhörung beschlossen werden kann. Dazu siehe den folgenden Brief:</p></blockquote>
<div class='polaroid-gallery galleryid-78' style='width:510px;'>
			<a href="http://buch.modernklusion.de/wp-content/uploads/2018/01/ladung-essen-s01-724x1024.png" title="ladung-essen-s01" rel="polaroid_339365185" class="polaroid-gallery-item showcaption"><span class="polaroid-gallery-image" title="" style="background-image: url(http://buch.modernklusion.de/wp-content/uploads/2018/01/ladung-essen-s01-150x150.png); width: 150px; height: 150px;"></span></a>
			<a href="http://buch.modernklusion.de/wp-content/uploads/2018/01/ladung-essen-s02-724x1024.png" title="ladung-essen-s02" rel="polaroid_339365185" class="polaroid-gallery-item showcaption"><span class="polaroid-gallery-image" title="" style="background-image: url(http://buch.modernklusion.de/wp-content/uploads/2018/01/ladung-essen-s02-150x150.png); width: 150px; height: 150px;"></span></a>
			<a href="http://buch.modernklusion.de/wp-content/uploads/2018/01/ladung-essen-s03-724x1024.png" title="ladung-essen-s03" rel="polaroid_339365185" class="polaroid-gallery-item showcaption"><span class="polaroid-gallery-image" title="" style="background-image: url(http://buch.modernklusion.de/wp-content/uploads/2018/01/ladung-essen-s03-150x150.png); width: 150px; height: 150px;"></span></a>
			<br style="clear: both;" /></div>

<blockquote><p>Was nun noch der Sache behilflich war, ist das Eingeständnis, dass ich mich als Arbeitgeber verpflichten lasse. Das ist auch im folgenden Brief ersichtlich, darum gibt es jetzt wieder auch nur eine Kopie davon.</p></blockquote>
<div class='polaroid-gallery galleryid-78' style='width:510px;'>
			<a href="http://buch.modernklusion.de/wp-content/uploads/2018/01/protokoll-essen-s01-724x1024.png" title="protokoll-essen-s01" rel="polaroid_1871724539" class="polaroid-gallery-item showcaption"><span class="polaroid-gallery-image" title="" style="background-image: url(http://buch.modernklusion.de/wp-content/uploads/2018/01/protokoll-essen-s01-150x150.png); width: 150px; height: 150px;"></span></a>
			<a href="http://buch.modernklusion.de/wp-content/uploads/2018/01/protokoll-essen-s02-724x1024.png" title="protokoll-essen-s02" rel="polaroid_1871724539" class="polaroid-gallery-item showcaption"><span class="polaroid-gallery-image" title="" style="background-image: url(http://buch.modernklusion.de/wp-content/uploads/2018/01/protokoll-essen-s02-150x150.png); width: 150px; height: 150px;"></span></a>
			<a href="http://buch.modernklusion.de/wp-content/uploads/2018/01/protokoll-essen-s03-724x1024.png" title="protokoll-essen-s03" rel="polaroid_1871724539" class="polaroid-gallery-item showcaption"><span class="polaroid-gallery-image" title="" style="background-image: url(http://buch.modernklusion.de/wp-content/uploads/2018/01/protokoll-essen-s03-150x150.png); width: 150px; height: 150px;"></span></a>
			<br style="clear: both;" />
			<a href="http://buch.modernklusion.de/wp-content/uploads/2018/01/protokoll-essen-s04-724x1024.png" title="protokoll-essen-s04" rel="polaroid_1871724539" class="polaroid-gallery-item showcaption"><span class="polaroid-gallery-image" title="" style="background-image: url(http://buch.modernklusion.de/wp-content/uploads/2018/01/protokoll-essen-s04-150x150.png); width: 150px; height: 150px;"></span></a>
			<a href="http://buch.modernklusion.de/wp-content/uploads/2018/01/protokoll-essen-s05-724x1024.png" title="protokoll-essen-s05" rel="polaroid_1871724539" class="polaroid-gallery-item showcaption"><span class="polaroid-gallery-image" title="" style="background-image: url(http://buch.modernklusion.de/wp-content/uploads/2018/01/protokoll-essen-s05-150x150.png); width: 150px; height: 150px;"></span></a>
			<br style="clear: both;" /></div>

<p><strong><div class="alignleft"><a href="http://buch.modernklusion.de/?page_id=76" title="Weitere Androhungen dem LWL gegen über">Letztes Kapitel: Weitere Androhungen dem LWL gegen über</a></div> </strong><strong><div class="alignright"><a href="http://buch.modernklusion.de/?page_id=80" title="Beratungsunterstützung und Zusicherung der Finanzierung bleibt aus">Nächstes Kapitel: Beratungsunterstützung und Zusicherung der Finanzierung bleibt aus</a></div></strong></p>

<p>Es geht los: Tatsächlich erhalte ich dann nach fast zwei Monaten eine Einladung zum Landessozialgericht in Essen, hier möchte ein</p>
