{"id":74,"date":"2017-12-07T14:28:33","date_gmt":"2017-12-07T14:28:33","guid":{"rendered":"http:\/\/buch.modernklusion.de\/?page_id=74"},"modified":"2018-01-03T16:04:09","modified_gmt":"2018-01-03T16:04:09","slug":"januar-2012-immer-noch-in-der-unzumutbaren-2fach-belastung","status":"publish","type":"page","link":"http:\/\/buch.modernklusion.de\/?page_id=74","title":{"rendered":"Januar 2012 immer noch in der unzumutbaren 2fach Belastung"},"content":{"rendered":"<p>Leider befinde ich mich immer noch in der viel zu kleinen Wohnung. Die Anspannung unter uns steigt auch weiter exponentiell.<\/p>\n<p>Dabei bin ich mit aller Kraft daran gesessen, etwas zu ver\u00e4ndern. Genau so kommt der Leistungstr\u00e4ger immer noch nicht mit seinen finanziellen Unterst\u00fctzungen hinterher. Ich frage mich, warum das so lange dauert, denn das Sozialgericht aus Detmold hat unmissverst\u00e4ndlich zu verstehen gegeben, dass die Unterst\u00fctzung \u00fcbernommen werden muss:<\/p>\n<div class='polaroid-gallery galleryid-74' style='width:340px;'>\n\t\t\t<a href=\"http:\/\/buch.modernklusion.de\/wp-content\/uploads\/2018\/01\/beschluss-v2-s01-724x1024.png\" title=\"beschluss-v2-s01\" rel=\"polaroid_1861320700\" class=\"polaroid-gallery-item showcaption\"><span class=\"polaroid-gallery-image\" title=\"\" style=\"background-image: url(http:\/\/buch.modernklusion.de\/wp-content\/uploads\/2018\/01\/beschluss-v2-s01-150x150.png); width: 150px; height: 150px;\"><\/span><\/a>\n\t\t\t<a href=\"http:\/\/buch.modernklusion.de\/wp-content\/uploads\/2018\/01\/beschluss-v2-s02-724x1024.png\" title=\"beschluss-v2-s02\" rel=\"polaroid_1861320700\" class=\"polaroid-gallery-item showcaption\"><span class=\"polaroid-gallery-image\" title=\"\" style=\"background-image: url(http:\/\/buch.modernklusion.de\/wp-content\/uploads\/2018\/01\/beschluss-v2-s02-150x150.png); width: 150px; height: 150px;\"><\/span><\/a>\n\t\t\t<br style=\"clear: both;\" \/><\/div>\n\n<p><strong><div class=\"alignleft\"><a href=\"http:\/\/buch.modernklusion.de\/?page_id=329\" title=\"Kapitel 6\">Letztes Kapitel: Kapitel 6<\/a><\/div> <\/strong><strong><div class=\"alignright\"><a href=\"http:\/\/buch.modernklusion.de\/?page_id=76\" title=\"Weitere Androhungen dem LWL gegen \u00fcber\">N\u00e4chstes Kapitel: Weitere Androhungen dem LWL gegen \u00fcber<\/a><\/div><\/strong><\/p>\n","protected":false},"excerpt":{"rendered":"<p>Leider befinde ich mich immer noch in der viel zu kleinen Wohnung. Die Anspannung unter uns steigt auch weiter exponentiell.<\/p>\n","protected":false},"author":1,"featured_media":0,"parent":0,"menu_order":0,"comment_status":"closed","ping_status":"closed","template":"","meta":{"footnotes":""},"_links":{"self":[{"href":"http:\/\/buch.modernklusion.de\/index.php?rest_route=\/wp\/v2\/pages\/74"}],"collection":[{"href":"http:\/\/buch.modernklusion.de\/index.php?rest_route=\/wp\/v2\/pages"}],"about":[{"href":"http:\/\/buch.modernklusion.de\/index.php?rest_route=\/wp\/v2\/types\/page"}],"author":[{"embeddable":true,"href":"http:\/\/buch.modernklusion.de\/index.php?rest_route=\/wp\/v2\/users\/1"}],"replies":[{"embeddable":true,"href":"http:\/\/buch.modernklusion.de\/index.php?rest_route=%2Fwp%2Fv2%2Fcomments&post=74"}],"version-history":[{"count":4,"href":"http:\/\/buch.modernklusion.de\/index.php?rest_route=\/wp\/v2\/pages\/74\/revisions"}],"predecessor-version":[{"id":281,"href":"http:\/\/buch.modernklusion.de\/index.php?rest_route=\/wp\/v2\/pages\/74\/revisions\/281"}],"wp:attachment":[{"href":"http:\/\/buch.modernklusion.de\/index.php?rest_route=%2Fwp%2Fv2%2Fmedia&parent=74"}],"curies":[{"name":"wp","href":"https:\/\/api.w.org\/{rel}","templated":true}]}}

<p>Leider befinde ich mich immer noch in der viel zu kleinen Wohnung. Die Anspannung unter uns steigt auch weiter exponentiell.</p>
<p>Dabei bin ich mit aller Kraft daran gesessen, etwas zu verändern. Genau so kommt der Leistungsträger immer noch nicht mit seinen finanziellen Unterstützungen hinterher. Ich frage mich, warum das so lange dauert, denn das Sozialgericht aus Detmold hat unmissverständlich zu verstehen gegeben, dass die Unterstützung übernommen werden muss:</p>
<div class='polaroid-gallery galleryid-74' style='width:340px;'>
			<a href="http://buch.modernklusion.de/wp-content/uploads/2018/01/beschluss-v2-s01-724x1024.png" title="beschluss-v2-s01" rel="polaroid_1861320700" class="polaroid-gallery-item showcaption"><span class="polaroid-gallery-image" title="" style="background-image: url(http://buch.modernklusion.de/wp-content/uploads/2018/01/beschluss-v2-s01-150x150.png); width: 150px; height: 150px;"></span></a>
			<a href="http://buch.modernklusion.de/wp-content/uploads/2018/01/beschluss-v2-s02-724x1024.png" title="beschluss-v2-s02" rel="polaroid_1861320700" class="polaroid-gallery-item showcaption"><span class="polaroid-gallery-image" title="" style="background-image: url(http://buch.modernklusion.de/wp-content/uploads/2018/01/beschluss-v2-s02-150x150.png); width: 150px; height: 150px;"></span></a>
			<br style="clear: both;" /></div>

<p><strong><div class="alignleft"><a href="http://buch.modernklusion.de/?page_id=329" title="Kapitel 6">Letztes Kapitel: Kapitel 6</a></div> </strong><strong><div class="alignright"><a href="http://buch.modernklusion.de/?page_id=76" title="Weitere Androhungen dem LWL gegen über">Nächstes Kapitel: Weitere Androhungen dem LWL gegen über</a></div></strong></p>
