{"id":72,"date":"2017-12-07T14:27:05","date_gmt":"2017-12-07T14:27:05","guid":{"rendered":"http:\/\/buch.modernklusion.de\/?page_id=72"},"modified":"2018-01-03T15:52:35","modified_gmt":"2018-01-03T15:52:35","slug":"wohnungssuche","status":"publish","type":"page","link":"http:\/\/buch.modernklusion.de\/?page_id=72","title":{"rendered":"Wohnungssuche"},"content":{"rendered":"<p><strong>Seit Ende 2011<\/strong> versuchte ich f\u00fcr meine Assistenten und mich eine ad\u00e4quate Unterbringung zu organisieren. Doch in Paderborn und Umgebung ist dieses Unterfangen eine nicht zu untersch\u00e4tzende Aufgabe. Paderborn ist eine Stadt in dem die Mietpreise fast so in ekstatische H\u00f6he schie\u00dfen, <strong>wie in einer Deutschlandweiten bekannten Metropole<\/strong>. Der Quadratmeter einer Wohnung hat einen Preis von etwa zehn Euro. Wenn man dann noch eine Wohnung braucht die barrierefrei ist, dann ist das fast unm\u00f6glich. Bei m\u00f6chte ich nur bzw. wollte nur eine Wohnung haben mit dem ich meine Assistenten und mich anst\u00e4ndig unterbringen konnte. Als eine weitere Pr\u00e4misse kommt noch hinzu, dass die Wohnung nicht nur von mir alleine finanziert werden soll sondern auch durch einen gewissen Anteil vom Budget. Hierbei hatte ich das Problem, dass das Suchen einer Wohnung immer mit R\u00fccksprache der \u00c4mter eingehalten werden muss. Durch diese st\u00e4ndigen R\u00fcckfragen hatte es sich so zugetragen, dass die Anbieter einer Wohnung nicht schnell genug befriedigt werden konnten. Im Dezember 2012 hatte ich eine Wohnung, die so gesehen fast optimal auf meine Bed\u00fcrfnisse zugeschnitten war. Nur bekam ich von meinem Grundsicherungsamt kein sofortiges \u2013 OKAY. Das sich durch die andauernde Verz\u00f6gerung leider kein Mietvertrag ergeben konnte. Um sich ein Bild meiner gegenwertigen Lage zu machen, k\u00f6nnen Sie hier sehen, wie ich mit den Assistenten hause.<\/p>\n<p>Wohnungsskizze:<\/p>\n<p><img loading=\"lazy\" decoding=\"async\" class=\"aligncenter wp-image-273 size-full\" src=\"http:\/\/buch.modernklusion.de\/wp-content\/uploads\/2018\/01\/husener.png\" alt=\"\" width=\"665\" height=\"428\" srcset=\"http:\/\/buch.modernklusion.de\/wp-content\/uploads\/2018\/01\/husener.png 665w, http:\/\/buch.modernklusion.de\/wp-content\/uploads\/2018\/01\/husener-300x193.png 300w\" sizes=\"(max-width: 665px) 100vw, 665px\" \/><\/p>\n<p>Die Skizze zeigt, dass die Wohnung im Grunde nur eine Ein-Zimmerwohnung zeigt. In der Regel haben die m\u00e4nnlichen Assistenten mit in meinem Wohn-Schlafbereich gen\u00e4chtigt, die weiblichen Assistenten haben bei Bedarf in der K\u00fcche gepennt. Die Nachtruhe haben sie auf einer alten Matratze, die ich fr\u00fcher in meinem Pflegebett liegen hatte. Die war durch die jahrelange Nutzung so stark durchgelegen, dass sie meist am n\u00e4chsten Morgen unter R\u00fcckenschmerzen litten. Auch das steuerte nicht unbedingt die Freude in unsere Gesichter und machte das Zusammenleben in der voranschreitenden Zeit auch nicht besser.<\/p>\n<p>Es gibt somit nur ein dazu zu sagen:<\/p>\n<p><img loading=\"lazy\" decoding=\"async\" class=\"aligncenter size-full wp-image-274\" src=\"http:\/\/buch.modernklusion.de\/wp-content\/uploads\/2018\/01\/warburger.png\" alt=\"\" width=\"612\" height=\"452\" srcset=\"http:\/\/buch.modernklusion.de\/wp-content\/uploads\/2018\/01\/warburger.png 612w, http:\/\/buch.modernklusion.de\/wp-content\/uploads\/2018\/01\/warburger-300x222.png 300w\" sizes=\"(max-width: 612px) 100vw, 612px\" \/><\/p>\n<p><strong>\u201eViel ist schon passiert \u2013 viel muss noch geschehen!\u201c<\/strong><\/p>\n<p>Ein kleiner Vorgriff auf das, was dieses Leben noch mit sich bringt .. tats\u00e4chlich wird sich Zusammenleben \u00e4ndern.<\/p>\n<p>Hier ein kurzer \u2013 grober Ausblick, wie dieser dann genutzt wird, werde ich Euch im Teilkapitel \u201e<strong>Umzug im Februar 2013<\/strong>\u201c bieten:<\/p>\n<ul>\n<li><span style=\"color: #ff6600;\"><strong>Wer<\/strong><\/span>, _________________________________<\/li>\n<li><span style=\"color: #ff6600;\"><strong>Wie<\/strong><\/span>, _________________________________<\/li>\n<li><strong><span style=\"color: #ff6600;\">Was<\/span><\/strong> und ______________________________<\/li>\n<li><strong><span style=\"color: #ff6600;\">Wo<\/span><\/strong> passiert \u2026<\/li>\n<\/ul>\n<p>\u2026 wird sp\u00e4ter bekannt gegeben \u2026<\/p>\n<p>Ich hoffe Ihr freut Euch sch\u00f6n \u2026 So wie ich mich \u00fcber diese Entwicklung gefreut habe.<\/p>\n<p><strong><div class=\"alignleft\"><a href=\"http:\/\/buch.modernklusion.de\/?page_id=70\" title=\"Ende November erstes Geld Anteilig\">Letztes Kapitel: Ende November erstes Geld Anteilig<\/a><\/div> <\/strong><strong><div class=\"alignright\"><a href=\"http:\/\/buch.modernklusion.de\/?page_id=329\" title=\"Kapitel 6\">N\u00e4chstes Kapitel: Kapitel 6<\/a><\/div><\/strong><\/p>\n","protected":false},"excerpt":{"rendered":"<p>Seit Ende 2011 versuchte ich f\u00fcr meine Assistenten und mich eine ad\u00e4quate Unterbringung zu organisieren. Doch in Paderborn und Umgebung<\/p>\n","protected":false},"author":1,"featured_media":0,"parent":0,"menu_order":0,"comment_status":"closed","ping_status":"closed","template":"","meta":{"footnotes":""},"_links":{"self":[{"href":"http:\/\/buch.modernklusion.de\/index.php?rest_route=\/wp\/v2\/pages\/72"}],"collection":[{"href":"http:\/\/buch.modernklusion.de\/index.php?rest_route=\/wp\/v2\/pages"}],"about":[{"href":"http:\/\/buch.modernklusion.de\/index.php?rest_route=\/wp\/v2\/types\/page"}],"author":[{"embeddable":true,"href":"http:\/\/buch.modernklusion.de\/index.php?rest_route=\/wp\/v2\/users\/1"}],"replies":[{"embeddable":true,"href":"http:\/\/buch.modernklusion.de\/index.php?rest_route=%2Fwp%2Fv2%2Fcomments&post=72"}],"version-history":[{"count":8,"href":"http:\/\/buch.modernklusion.de\/index.php?rest_route=\/wp\/v2\/pages\/72\/revisions"}],"predecessor-version":[{"id":276,"href":"http:\/\/buch.modernklusion.de\/index.php?rest_route=\/wp\/v2\/pages\/72\/revisions\/276"}],"wp:attachment":[{"href":"http:\/\/buch.modernklusion.de\/index.php?rest_route=%2Fwp%2Fv2%2Fmedia&parent=72"}],"curies":[{"name":"wp","href":"https:\/\/api.w.org\/{rel}","templated":true}]}}

<p><strong>Seit Ende 2011</strong> versuchte ich für meine Assistenten und mich eine adäquate Unterbringung zu organisieren. Doch in Paderborn und Umgebung ist dieses Unterfangen eine nicht zu unterschätzende Aufgabe. Paderborn ist eine Stadt in dem die Mietpreise fast so in ekstatische Höhe schießen, <strong>wie in einer Deutschlandweiten bekannten Metropole</strong>. Der Quadratmeter einer Wohnung hat einen Preis von etwa zehn Euro. Wenn man dann noch eine Wohnung braucht die barrierefrei ist, dann ist das fast unmöglich. Bei möchte ich nur bzw. wollte nur eine Wohnung haben mit dem ich meine Assistenten und mich anständig unterbringen konnte. Als eine weitere Prämisse kommt noch hinzu, dass die Wohnung nicht nur von mir alleine finanziert werden soll sondern auch durch einen gewissen Anteil vom Budget. Hierbei hatte ich das Problem, dass das Suchen einer Wohnung immer mit Rücksprache der Ämter eingehalten werden muss. Durch diese ständigen Rückfragen hatte es sich so zugetragen, dass die Anbieter einer Wohnung nicht schnell genug befriedigt werden konnten. Im Dezember 2012 hatte ich eine Wohnung, die so gesehen fast optimal auf meine Bedürfnisse zugeschnitten war. Nur bekam ich von meinem Grundsicherungsamt kein sofortiges – OKAY. Das sich durch die andauernde Verzögerung leider kein Mietvertrag ergeben konnte. Um sich ein Bild meiner gegenwertigen Lage zu machen, können Sie hier sehen, wie ich mit den Assistenten hause.</p>
<p>Wohnungsskizze:</p>
<p><img loading="lazy" decoding="async" class="aligncenter wp-image-273 size-full" src="http://buch.modernklusion.de/wp-content/uploads/2018/01/husener.png" alt="" width="665" height="428" srcset="http://buch.modernklusion.de/wp-content/uploads/2018/01/husener.png 665w, http://buch.modernklusion.de/wp-content/uploads/2018/01/husener-300x193.png 300w" sizes="(max-width: 665px) 100vw, 665px" /></p>
<p>Die Skizze zeigt, dass die Wohnung im Grunde nur eine Ein-Zimmerwohnung zeigt. In der Regel haben die männlichen Assistenten mit in meinem Wohn-Schlafbereich genächtigt, die weiblichen Assistenten haben bei Bedarf in der Küche gepennt. Die Nachtruhe haben sie auf einer alten Matratze, die ich früher in meinem Pflegebett liegen hatte. Die war durch die jahrelange Nutzung so stark durchgelegen, dass sie meist am nächsten Morgen unter Rückenschmerzen litten. Auch das steuerte nicht unbedingt die Freude in unsere Gesichter und machte das Zusammenleben in der voranschreitenden Zeit auch nicht besser.</p>
<p>Es gibt somit nur ein dazu zu sagen:</p>
<p><img loading="lazy" decoding="async" class="aligncenter size-full wp-image-274" src="http://buch.modernklusion.de/wp-content/uploads/2018/01/warburger.png" alt="" width="612" height="452" srcset="http://buch.modernklusion.de/wp-content/uploads/2018/01/warburger.png 612w, http://buch.modernklusion.de/wp-content/uploads/2018/01/warburger-300x222.png 300w" sizes="(max-width: 612px) 100vw, 612px" /></p>
<p><strong>„Viel ist schon passiert – viel muss noch geschehen!“</strong></p>
<p>Ein kleiner Vorgriff auf das, was dieses Leben noch mit sich bringt .. tatsächlich wird sich Zusammenleben ändern.</p>
<p>Hier ein kurzer – grober Ausblick, wie dieser dann genutzt wird, werde ich Euch im Teilkapitel „<strong>Umzug im Februar 2013</strong>“ bieten:</p>
<ul>
<li><span style="color: #ff6600;"><strong>Wer</strong></span>, _________________________________</li>
<li><span style="color: #ff6600;"><strong>Wie</strong></span>, _________________________________</li>
<li><strong><span style="color: #ff6600;">Was</span></strong> und ______________________________</li>
<li><strong><span style="color: #ff6600;">Wo</span></strong> passiert …</li>
</ul>
<p>… wird später bekannt gegeben …</p>
<p>Ich hoffe Ihr freut Euch schön … So wie ich mich über diese Entwicklung gefreut habe.</p>
<p><strong><div class="alignleft"><a href="http://buch.modernklusion.de/?page_id=70" title="Ende November erstes Geld Anteilig">Letztes Kapitel: Ende November erstes Geld Anteilig</a></div> </strong><strong><div class="alignright"><a href="http://buch.modernklusion.de/?page_id=329" title="Kapitel 6">Nächstes Kapitel: Kapitel 6</a></div></strong></p>

<p>Seit Ende 2011 versuchte ich für meine Assistenten und mich eine adäquate Unterbringung zu organisieren. Doch in Paderborn und Umgebung</p>
