{"id":64,"date":"2017-12-07T14:21:15","date_gmt":"2017-12-07T14:21:15","guid":{"rendered":"http:\/\/buch.modernklusion.de\/?page_id=64"},"modified":"2018-01-03T11:33:54","modified_gmt":"2018-01-03T11:33:54","slug":"caritas-droht-an-das-die-betreuung-nicht-mehr-gewehrleistet-werden-kann","status":"publish","type":"page","link":"http:\/\/buch.modernklusion.de\/?page_id=64","title":{"rendered":"Caritas droht an das die Betreuung nicht mehr gewehrleistet werden kann"},"content":{"rendered":"<p>Nun passiert es. Ich bin immer mehr in die Ecke gedr\u00fcckt und wei\u00df weder vor noch zur\u00fcck. Der Brief beschreibt alles \u2013 so, dass ich nichts mehr hinzuf\u00fcgen muss.<\/p>\n<div class='polaroid-gallery galleryid-64' style='width:170px;'>\n\t\t\t<a href=\"http:\/\/buch.modernklusion.de\/wp-content\/uploads\/2018\/01\/versorgung-724x1024.png\" title=\"versorgung\" rel=\"polaroid_692627732\" class=\"polaroid-gallery-item showcaption\"><span class=\"polaroid-gallery-image\" title=\"\" style=\"background-image: url(http:\/\/buch.modernklusion.de\/wp-content\/uploads\/2018\/01\/versorgung-150x150.png); width: 150px; height: 150px;\"><\/span><\/a>\n\t\t\t<br style=\"clear: both;\" \/><\/div>\n\n<blockquote><p>\u00a0Au\u00dfer, dass ich es unm\u00f6glich finde, dass man <strong>Hilfe braucht<\/strong> und <strong>nicht erh\u00e4lt<\/strong>.<\/p>\n<h2><strong>Ich selbst hab mir das Leben so nicht ausgew\u00e4hlt.<\/strong><\/h2>\n<p><strong>Ich versuche<\/strong> lediglich <strong>zu \u00fcberleben<\/strong> und mir das hole, was mir gesetzlich zu steht \u2013 was <strong>ich nun leider brauche<\/strong> \u2013 verdammte hacke noch eins.<\/p><\/blockquote>\n<p><strong><div class=\"alignleft\"><a href=\"http:\/\/buch.modernklusion.de\/?page_id=62\" title=\"Caritas ersetzt die Zivis durch h\u00e4ufig wechselnde Schwestersch\u00fclerinnen\">Letztes Kapitel: Caritas ersetzt die Zivis durch h\u00e4ufig wechselnde Schwestersch\u00fclerinnen<\/a><\/div> <\/strong><strong><div class=\"alignright\"><a href=\"http:\/\/buch.modernklusion.de\/?page_id=321\" title=\"Datenschutzerkl\u00e4rung\">N\u00e4chstes Kapitel: Datenschutzerkl\u00e4rung<\/a><\/div><\/strong><\/p>\n","protected":false},"excerpt":{"rendered":"<p>Nun passiert es. Ich bin immer mehr in die Ecke gedr\u00fcckt und wei\u00df weder vor noch zur\u00fcck. Der Brief beschreibt<\/p>\n","protected":false},"author":1,"featured_media":0,"parent":0,"menu_order":0,"comment_status":"closed","ping_status":"closed","template":"","meta":{"footnotes":""},"_links":{"self":[{"href":"http:\/\/buch.modernklusion.de\/index.php?rest_route=\/wp\/v2\/pages\/64"}],"collection":[{"href":"http:\/\/buch.modernklusion.de\/index.php?rest_route=\/wp\/v2\/pages"}],"about":[{"href":"http:\/\/buch.modernklusion.de\/index.php?rest_route=\/wp\/v2\/types\/page"}],"author":[{"embeddable":true,"href":"http:\/\/buch.modernklusion.de\/index.php?rest_route=\/wp\/v2\/users\/1"}],"replies":[{"embeddable":true,"href":"http:\/\/buch.modernklusion.de\/index.php?rest_route=%2Fwp%2Fv2%2Fcomments&post=64"}],"version-history":[{"count":3,"href":"http:\/\/buch.modernklusion.de\/index.php?rest_route=\/wp\/v2\/pages\/64\/revisions"}],"predecessor-version":[{"id":246,"href":"http:\/\/buch.modernklusion.de\/index.php?rest_route=\/wp\/v2\/pages\/64\/revisions\/246"}],"wp:attachment":[{"href":"http:\/\/buch.modernklusion.de\/index.php?rest_route=%2Fwp%2Fv2%2Fmedia&parent=64"}],"curies":[{"name":"wp","href":"https:\/\/api.w.org\/{rel}","templated":true}]}}

<p>Nun passiert es. Ich bin immer mehr in die Ecke gedrückt und weiß weder vor noch zurück. Der Brief beschreibt alles – so, dass ich nichts mehr hinzufügen muss.</p>
<div class='polaroid-gallery galleryid-64' style='width:170px;'>
			<a href="http://buch.modernklusion.de/wp-content/uploads/2018/01/versorgung-724x1024.png" title="versorgung" rel="polaroid_692627732" class="polaroid-gallery-item showcaption"><span class="polaroid-gallery-image" title="" style="background-image: url(http://buch.modernklusion.de/wp-content/uploads/2018/01/versorgung-150x150.png); width: 150px; height: 150px;"></span></a>
			<br style="clear: both;" /></div>

<blockquote><p> Außer, dass ich es unmöglich finde, dass man <strong>Hilfe braucht</strong> und <strong>nicht erhält</strong>.</p>
<h2><strong>Ich selbst hab mir das Leben so nicht ausgewählt.</strong></h2>
<p><strong>Ich versuche</strong> lediglich <strong>zu überleben</strong> und mir das hole, was mir gesetzlich zu steht – was <strong>ich nun leider brauche</strong> – verdammte hacke noch eins.</p></blockquote>
<p><strong><div class="alignleft"><a href="http://buch.modernklusion.de/?page_id=62" title="Caritas ersetzt die Zivis durch häufig wechselnde Schwesterschülerinnen">Letztes Kapitel: Caritas ersetzt die Zivis durch häufig wechselnde Schwesterschülerinnen</a></div> </strong><strong><div class="alignright"><a href="http://buch.modernklusion.de/?page_id=321" title="Datenschutzerklärung">Nächstes Kapitel: Datenschutzerklärung</a></div></strong></p>

<p>Nun passiert es. Ich bin immer mehr in die Ecke gedrückt und weiß weder vor noch zurück. Der Brief beschreibt</p>
