{"id":62,"date":"2017-12-07T14:17:53","date_gmt":"2017-12-07T14:17:53","guid":{"rendered":"http:\/\/buch.modernklusion.de\/?page_id=62"},"modified":"2018-01-03T11:21:15","modified_gmt":"2018-01-03T11:21:15","slug":"caritas-ersetzt-die-zivis-durch-haeufig-wechselnde-schwesterschuelerinnen","status":"publish","type":"page","link":"http:\/\/buch.modernklusion.de\/?page_id=62","title":{"rendered":"Caritas ersetzt die Zivis durch h\u00e4ufig wechselnde Schwestersch\u00fclerinnen"},"content":{"rendered":"<p>Nachdem nun die Regierung meinte, diesen TOP-Dienst von Zivildienstleistenden abzusetzen, habe ich st\u00e4ndig einen Wechsel von Schwesternsch\u00fclerinnen gehabt. Sicher werdet ihr gleich sagen, wenn ihr die Bilder meiner Sch\u00fclerschwestern seht, was regt er sich denn so auf. Ist er etwa &#8222;_____&#8220; oder hat er tats\u00e4chlich einen Knick in der Optik?<\/p>\n<p>Diese netten Damen sind eine kleine Auswahl von etwa 15 Sch\u00fclerinnen, leider kann ich nicht alle zeigen, da ich nicht von allen ein Bild besitze.<\/p>\n<div class='polaroid-gallery galleryid-62' style='width:340px;'>\n\t\t\t<a href=\"http:\/\/buch.modernklusion.de\/wp-content\/uploads\/2018\/01\/saskia.png\" title=\"saskia\" rel=\"polaroid_215345576\" class=\"polaroid-gallery-item showcaption\"><span class=\"polaroid-gallery-image\" title=\"Saskia\" style=\"background-image: url(http:\/\/buch.modernklusion.de\/wp-content\/uploads\/2018\/01\/saskia.png); width: 128px; height: 128px;\"><\/span><\/a>\n\t\t\t<a href=\"http:\/\/buch.modernklusion.de\/wp-content\/uploads\/2018\/01\/sherin.png\" title=\"sherin\" rel=\"polaroid_215345576\" class=\"polaroid-gallery-item showcaption\"><span class=\"polaroid-gallery-image\" title=\"Sherin\" style=\"background-image: url(http:\/\/buch.modernklusion.de\/wp-content\/uploads\/2018\/01\/sherin.png); width: 128px; height: 128px;\"><\/span><\/a>\n\t\t\t<br style=\"clear: both;\" \/>\n\t\t\t<a href=\"http:\/\/buch.modernklusion.de\/wp-content\/uploads\/2018\/01\/mona.png\" title=\"mona\" rel=\"polaroid_215345576\" class=\"polaroid-gallery-item showcaption\"><span class=\"polaroid-gallery-image\" title=\"Mona\" style=\"background-image: url(http:\/\/buch.modernklusion.de\/wp-content\/uploads\/2018\/01\/mona.png); width: 128px; height: 128px;\"><\/span><\/a>\n\t\t\t<a href=\"http:\/\/buch.modernklusion.de\/wp-content\/uploads\/2018\/01\/lena.png\" title=\"lena\" rel=\"polaroid_215345576\" class=\"polaroid-gallery-item showcaption\"><span class=\"polaroid-gallery-image\" title=\"Lena\" style=\"background-image: url(http:\/\/buch.modernklusion.de\/wp-content\/uploads\/2018\/01\/lena.png); width: 128px; height: 128px;\"><\/span><\/a>\n\t\t\t<br style=\"clear: both;\" \/>\n\t\t\t<a href=\"http:\/\/buch.modernklusion.de\/wp-content\/uploads\/2018\/01\/michaela.png\" title=\"michaela\" rel=\"polaroid_215345576\" class=\"polaroid-gallery-item showcaption\"><span class=\"polaroid-gallery-image\" title=\"Michaela\" style=\"background-image: url(http:\/\/buch.modernklusion.de\/wp-content\/uploads\/2018\/01\/michaela.png); width: 128px; height: 128px;\"><\/span><\/a>\n\t\t\t<a href=\"http:\/\/buch.modernklusion.de\/wp-content\/uploads\/2018\/01\/ana.png\" title=\"ana\" rel=\"polaroid_215345576\" class=\"polaroid-gallery-item showcaption\"><span class=\"polaroid-gallery-image\" title=\"Ana-Lena\" style=\"background-image: url(http:\/\/buch.modernklusion.de\/wp-content\/uploads\/2018\/01\/ana.png); width: 128px; height: 128px;\"><\/span><\/a>\n\t\t\t<br style=\"clear: both;\" \/><\/div>\n\n<p><strong>Nein<\/strong> \u2013 ich habe keinen Knick in der Optik und bin auch nicht &#8222;_____&#8220; \u2013 was auch immer Ihr hier eintragen m\u00f6gt. Ich bin einfach nur objektiv und m\u00f6chte blo\u00df nicht wertend sein \u2026<\/p>\n<p><strong><div class=\"alignleft\"><a href=\"http:\/\/buch.modernklusion.de\/?page_id=60\" title=\"Keine Einsicht des LWLs\">Letztes Kapitel: Keine Einsicht des LWLs<\/a><\/div> <\/strong><strong><div class=\"alignright\"><a href=\"http:\/\/buch.modernklusion.de\/?page_id=64\" title=\"Caritas droht an das die Betreuung nicht mehr gewehrleistet werden kann\">N\u00e4chstes Kapitel: Caritas droht an das die Betreuung nicht mehr gewehrleistet werden kann<\/a><\/div><\/strong><\/p>\n","protected":false},"excerpt":{"rendered":"<p>Nachdem nun die Regierung meinte, diesen TOP-Dienst von Zivildienstleistenden abzusetzen, habe ich st\u00e4ndig einen Wechsel von Schwesternsch\u00fclerinnen gehabt. Sicher werdet<\/p>\n","protected":false},"author":1,"featured_media":0,"parent":0,"menu_order":0,"comment_status":"closed","ping_status":"closed","template":"","meta":{"footnotes":""},"_links":{"self":[{"href":"http:\/\/buch.modernklusion.de\/index.php?rest_route=\/wp\/v2\/pages\/62"}],"collection":[{"href":"http:\/\/buch.modernklusion.de\/index.php?rest_route=\/wp\/v2\/pages"}],"about":[{"href":"http:\/\/buch.modernklusion.de\/index.php?rest_route=\/wp\/v2\/types\/page"}],"author":[{"embeddable":true,"href":"http:\/\/buch.modernklusion.de\/index.php?rest_route=\/wp\/v2\/users\/1"}],"replies":[{"embeddable":true,"href":"http:\/\/buch.modernklusion.de\/index.php?rest_route=%2Fwp%2Fv2%2Fcomments&post=62"}],"version-history":[{"count":6,"href":"http:\/\/buch.modernklusion.de\/index.php?rest_route=\/wp\/v2\/pages\/62\/revisions"}],"predecessor-version":[{"id":243,"href":"http:\/\/buch.modernklusion.de\/index.php?rest_route=\/wp\/v2\/pages\/62\/revisions\/243"}],"wp:attachment":[{"href":"http:\/\/buch.modernklusion.de\/index.php?rest_route=%2Fwp%2Fv2%2Fmedia&parent=62"}],"curies":[{"name":"wp","href":"https:\/\/api.w.org\/{rel}","templated":true}]}}

Caritas ersetzt die Zivis durch häufig wechselnde Schwesterschülerinnen

<p>Nachdem nun die Regierung meinte, diesen TOP-Dienst von Zivildienstleistenden abzusetzen, habe ich ständig einen Wechsel von Schwesternschülerinnen gehabt. Sicher werdet ihr gleich sagen, wenn ihr die Bilder meiner Schülerschwestern seht, was regt er sich denn so auf. Ist er etwa &#8222;_____&#8220; oder hat er tatsächlich einen Knick in der Optik?</p>
<p>Diese netten Damen sind eine kleine Auswahl von etwa 15 Schülerinnen, leider kann ich nicht alle zeigen, da ich nicht von allen ein Bild besitze.</p>
<div class='polaroid-gallery galleryid-62' style='width:340px;'>
			<a href="http://buch.modernklusion.de/wp-content/uploads/2018/01/saskia.png" title="saskia" rel="polaroid_215345576" class="polaroid-gallery-item showcaption"><span class="polaroid-gallery-image" title="Saskia" style="background-image: url(http://buch.modernklusion.de/wp-content/uploads/2018/01/saskia.png); width: 128px; height: 128px;"></span></a>
			<a href="http://buch.modernklusion.de/wp-content/uploads/2018/01/sherin.png" title="sherin" rel="polaroid_215345576" class="polaroid-gallery-item showcaption"><span class="polaroid-gallery-image" title="Sherin" style="background-image: url(http://buch.modernklusion.de/wp-content/uploads/2018/01/sherin.png); width: 128px; height: 128px;"></span></a>
			<br style="clear: both;" />
			<a href="http://buch.modernklusion.de/wp-content/uploads/2018/01/mona.png" title="mona" rel="polaroid_215345576" class="polaroid-gallery-item showcaption"><span class="polaroid-gallery-image" title="Mona" style="background-image: url(http://buch.modernklusion.de/wp-content/uploads/2018/01/mona.png); width: 128px; height: 128px;"></span></a>
			<a href="http://buch.modernklusion.de/wp-content/uploads/2018/01/lena.png" title="lena" rel="polaroid_215345576" class="polaroid-gallery-item showcaption"><span class="polaroid-gallery-image" title="Lena" style="background-image: url(http://buch.modernklusion.de/wp-content/uploads/2018/01/lena.png); width: 128px; height: 128px;"></span></a>
			<br style="clear: both;" />
			<a href="http://buch.modernklusion.de/wp-content/uploads/2018/01/michaela.png" title="michaela" rel="polaroid_215345576" class="polaroid-gallery-item showcaption"><span class="polaroid-gallery-image" title="Michaela" style="background-image: url(http://buch.modernklusion.de/wp-content/uploads/2018/01/michaela.png); width: 128px; height: 128px;"></span></a>
			<a href="http://buch.modernklusion.de/wp-content/uploads/2018/01/ana.png" title="ana" rel="polaroid_215345576" class="polaroid-gallery-item showcaption"><span class="polaroid-gallery-image" title="Ana-Lena" style="background-image: url(http://buch.modernklusion.de/wp-content/uploads/2018/01/ana.png); width: 128px; height: 128px;"></span></a>
			<br style="clear: both;" /></div>

<p><strong>Nein</strong> – ich habe keinen Knick in der Optik und bin auch nicht &#8222;_____&#8220; – was auch immer Ihr hier eintragen mögt. Ich bin einfach nur objektiv und möchte bloß nicht wertend sein …</p>
<p><strong><div class="alignleft"><a href="http://buch.modernklusion.de/?page_id=60" title="Keine Einsicht des LWLs">Letztes Kapitel: Keine Einsicht des LWLs</a></div> </strong><strong><div class="alignright"><a href="http://buch.modernklusion.de/?page_id=64" title="Caritas droht an das die Betreuung nicht mehr gewehrleistet werden kann">Nächstes Kapitel: Caritas droht an das die Betreuung nicht mehr gewehrleistet werden kann</a></div></strong></p>

<p>Nachdem nun die Regierung meinte, diesen TOP-Dienst von Zivildienstleistenden abzusetzen, habe ich ständig einen Wechsel von Schwesternschülerinnen gehabt. Sicher werdet</p>
