{"id":56,"date":"2017-12-07T14:13:53","date_gmt":"2017-12-07T14:13:53","guid":{"rendered":"http:\/\/buch.modernklusion.de\/?page_id=56"},"modified":"2018-01-01T18:45:01","modified_gmt":"2018-01-01T18:45:01","slug":"einspruch-der-angebotenen-geldleistung","status":"publish","type":"page","link":"http:\/\/buch.modernklusion.de\/?page_id=56","title":{"rendered":"Einspruch der angebotenen Geldleistung"},"content":{"rendered":"<p>Auf Grund der vom LWL genannten Summe habe ich mit Hilfe eines Beratungsscheins den ich vom Gericht erhalten habe \u2013 mir einen Anwalt gesucht, mit dem ich umgehend auf das Schreiben vom Amt antworten sollte. Weil ich schon zu diesem Zeitpunkt innerlich wusste, dass ich selbst \u2013 bzw. alleine keine Chance sah etwas auszurichten, habe ich durch einen Freund den Tipp bekommen, dass im Nachbarort ein guter Anwalt sei. Diesen sollte ich prompt aufsuchen. Sprich mir einen Termin holen muss damit sofort rechtlich etwas passiert. Gesagt \u2013 getan.<\/p>\n<p>Wenn ich gewusst h\u00e4tte, was mir von da an ins Haus steht. H\u00e4tte ich einerseits echt lieber nie gelernt au\u00dferhalb von einem Internat zu existieren.<\/p>\n<blockquote><p><em>Das Internat in dem ich gelebt habe hei\u00dft Annastift und dort habe ich bis zum 12. Lebensjahr gelebt. Das Leben beinhaltete zu dieser Zeit das Wohnen in einer Wohngruppe mit etwa 20 anderen Behinderten. In der Gruppe waren nicht nur Rollstuhlfahrer, sondern auch Menschen, die einen H\u00fcftschaden oder Klumpf\u00fc\u00dfe haben. Am Rande unserer Gruppe waren aber auch Menschen mit einer leichten Lernbehinderung. Leider haben diese das Tempo f\u00fcr uns andere ohne Lernbehinderung ausgebremst. <\/em><\/p>\n<p><em>Somit kommen wir kurz zum Thema meiner schulischen Entwicklung. 1982 wurde ich in der Werner-Dicke-Schule<a href=\"#_ftn1\" name=\"_ftnref1\"><strong>[1]<\/strong><\/a> eingeschult. Hier habe ich bis zur siebten Klasse die Schulbank gedr\u00fcckt und mich grunds\u00e4tzlich wohlgef\u00fchlt. Warum ich das hier zum Thema mache ist mir selbst nicht ganz klar, aber thematisch sage ich mal ganz salopp, es gibt keinen besseren Anfangspunkt, um Euch einen kurzen, unverbl\u00fcmten Einblick zu verschaffen. In dieser unbeschwerten Zeit habe ich nie daran gedacht, dass ich mal so einsam, wie ich gegenwertig bin, sein werde. In dieser Zeit habe ich einfach machen k\u00f6nnen, was ich wollte. Vor Ort musste man nie dar\u00fcber nachdenken, was aus meinem Leben wird. Das haupts\u00e4chliche Ziel war es f\u00fcr uns, dass Abschlussziel zu erreichen \u2013 sprich die 10. Klasse, um dann sp\u00e4ter in der angegliederten Werkstadt einen Job zu bekommen. In der Schulzeit hatte ich in meinem stressfreien Leben sogar die wunderbare Chance nicht nur eine Freundin zu haben, sondern sogar drei. Mit der dritten Freundin war es dann sogar so intensiv, dass wir uns in der Kelleretage in einen Heizungs- \/ Technikraum verschanzten. Hier haben wir dann f\u00fcr unser Alter schon recht \u201everbotene\u201c Dinge erlebt. Sie hie\u00df Wibke und ich durfte ihre fast fertigentwickelten Knospen mit meinen Lippen ber\u00fchren. <\/em>[Sicherlich \u2013 ich h\u00e4tte damals diese Erfahrung nie so blumig \u2013 versaut \u2013 anr\u00fcchig geschildert, aber das ist das sch\u00f6ne, wenn man mehr Bildung genossen hat als im Internat dann w\u00fcrde es jetzt wohl alles anders formuliert sein.]<em> Auch trafen wir uns immer \u00f6fter in unserem Versteck. Trotz der sehr intimen Erlebnisse \u2013 waren unsere Knutschereien einfach das genialste. Bis auch auf das gemeinsame zur Toilette gehen. Mmmmhhh &#8211; ich mochte es ihr zuzuh\u00f6ren und den Slip am Boden liegend zu be\u00e4ugeln \u2013 eine scharfe Sache muss ich gestehen.<\/em><\/p><\/blockquote>\n<p>Nun gut jetzt soll es aber noch etwas um das eigentliche Thema gehen. Nachdem ich vom Leistungstr\u00e4ger das erste Angebot bekommen habe, habe ich glatt gedacht, die wollen mich ver\u00e4ppeln. Selbst bieten sie einen Stundenlohn von Arbeitnehmerbrutto mit 12,- Euro an und wollen mich tats\u00e4chlich mit etwas \u00fcber 7,- Euro versorgen.<\/p>\n<p><em>Brief \u00fcber das erste Angebot vom LWL M\u00fcnster, in der Sache Hemme\u00a0 .\/.\u00a0 LWL M\u00fcnster<\/em><\/p>\n<div class='polaroid-gallery galleryid-56' style='width:510px;'>\n\t\t\t<a href=\"http:\/\/buch.modernklusion.de\/wp-content\/uploads\/2018\/01\/beschluss-s01-724x1024.png\" title=\"beschluss-s01\" rel=\"polaroid_775732851\" class=\"polaroid-gallery-item showcaption\"><span class=\"polaroid-gallery-image\" title=\"\" style=\"background-image: url(http:\/\/buch.modernklusion.de\/wp-content\/uploads\/2018\/01\/beschluss-s01-150x150.png); width: 150px; height: 150px;\"><\/span><\/a>\n\t\t\t<a href=\"http:\/\/buch.modernklusion.de\/wp-content\/uploads\/2018\/01\/beschluss-s02-724x1024.png\" title=\"beschluss-s02\" rel=\"polaroid_775732851\" class=\"polaroid-gallery-item showcaption\"><span class=\"polaroid-gallery-image\" title=\"\" style=\"background-image: url(http:\/\/buch.modernklusion.de\/wp-content\/uploads\/2018\/01\/beschluss-s02-150x150.png); width: 150px; height: 150px;\"><\/span><\/a>\n\t\t\t<a href=\"http:\/\/buch.modernklusion.de\/wp-content\/uploads\/2018\/01\/beschluss-s03-724x1024.png\" title=\"beschluss-s03\" rel=\"polaroid_775732851\" class=\"polaroid-gallery-item showcaption\"><span class=\"polaroid-gallery-image\" title=\"\" style=\"background-image: url(http:\/\/buch.modernklusion.de\/wp-content\/uploads\/2018\/01\/beschluss-s03-150x150.png); width: 150px; height: 150px;\"><\/span><\/a>\n\t\t\t<br style=\"clear: both;\" \/><\/div>\n\n<p><strong><div class=\"alignleft\"><a href=\"http:\/\/buch.modernklusion.de\/?page_id=54\" title=\"Erstes Problem mit dem LWL\">Letztes Kapitel: Erstes Problem mit dem LWL<\/a><\/div><div class=\"alignright\"><a href=\"http:\/\/buch.modernklusion.de\/?page_id=58\" title=\"Erstes Treffen mit Penteridis\">N\u00e4chstes Kapitel: Erstes Treffen mit Penteridis<\/a><\/div><\/strong><\/p>\n<p>&nbsp;<\/p>\n<p><a href=\"#_ftnref1\" name=\"_ftn1\">[1]<\/a> Die Werner-Dicke-Schule (WDS) ist eine staatlich anerkannte Ganztagsschule f\u00fcr Kinder und Jugendliche mit K\u00f6rperbehinderungen. In der WDS lernen Sch\u00fclerinnen und Sch\u00fcler von der Eingangsstufe bis zur Klasse 10. Wir unterst\u00fctzen und ermuntern unsere Sch\u00fclerinnen und Sch\u00fcler, ihr Leben in der Gesellschaft m\u00f6glichst selbst\u00e4ndig und eigenverantwortlich zu gestalten.<\/p>\n","protected":false},"excerpt":{"rendered":"<p>Auf Grund der vom LWL genannten Summe habe ich mit Hilfe eines Beratungsscheins den ich vom Gericht erhalten habe \u2013<\/p>\n","protected":false},"author":1,"featured_media":0,"parent":0,"menu_order":0,"comment_status":"closed","ping_status":"closed","template":"","meta":{"footnotes":""},"_links":{"self":[{"href":"http:\/\/buch.modernklusion.de\/index.php?rest_route=\/wp\/v2\/pages\/56"}],"collection":[{"href":"http:\/\/buch.modernklusion.de\/index.php?rest_route=\/wp\/v2\/pages"}],"about":[{"href":"http:\/\/buch.modernklusion.de\/index.php?rest_route=\/wp\/v2\/types\/page"}],"author":[{"embeddable":true,"href":"http:\/\/buch.modernklusion.de\/index.php?rest_route=\/wp\/v2\/users\/1"}],"replies":[{"embeddable":true,"href":"http:\/\/buch.modernklusion.de\/index.php?rest_route=%2Fwp%2Fv2%2Fcomments&post=56"}],"version-history":[{"count":5,"href":"http:\/\/buch.modernklusion.de\/index.php?rest_route=\/wp\/v2\/pages\/56\/revisions"}],"predecessor-version":[{"id":231,"href":"http:\/\/buch.modernklusion.de\/index.php?rest_route=\/wp\/v2\/pages\/56\/revisions\/231"}],"wp:attachment":[{"href":"http:\/\/buch.modernklusion.de\/index.php?rest_route=%2Fwp%2Fv2%2Fmedia&parent=56"}],"curies":[{"name":"wp","href":"https:\/\/api.w.org\/{rel}","templated":true}]}}

<p>Auf Grund der vom LWL genannten Summe habe ich mit Hilfe eines Beratungsscheins den ich vom Gericht erhalten habe – mir einen Anwalt gesucht, mit dem ich umgehend auf das Schreiben vom Amt antworten sollte. Weil ich schon zu diesem Zeitpunkt innerlich wusste, dass ich selbst – bzw. alleine keine Chance sah etwas auszurichten, habe ich durch einen Freund den Tipp bekommen, dass im Nachbarort ein guter Anwalt sei. Diesen sollte ich prompt aufsuchen. Sprich mir einen Termin holen muss damit sofort rechtlich etwas passiert. Gesagt – getan.</p>
<p>Wenn ich gewusst hätte, was mir von da an ins Haus steht. Hätte ich einerseits echt lieber nie gelernt außerhalb von einem Internat zu existieren.</p>
<blockquote><p><em>Das Internat in dem ich gelebt habe heißt Annastift und dort habe ich bis zum 12. Lebensjahr gelebt. Das Leben beinhaltete zu dieser Zeit das Wohnen in einer Wohngruppe mit etwa 20 anderen Behinderten. In der Gruppe waren nicht nur Rollstuhlfahrer, sondern auch Menschen, die einen Hüftschaden oder Klumpfüße haben. Am Rande unserer Gruppe waren aber auch Menschen mit einer leichten Lernbehinderung. Leider haben diese das Tempo für uns andere ohne Lernbehinderung ausgebremst. </em></p>
<p><em>Somit kommen wir kurz zum Thema meiner schulischen Entwicklung. 1982 wurde ich in der Werner-Dicke-Schule<a href="#_ftn1" name="_ftnref1"><strong>[1]</strong></a> eingeschult. Hier habe ich bis zur siebten Klasse die Schulbank gedrückt und mich grundsätzlich wohlgefühlt. Warum ich das hier zum Thema mache ist mir selbst nicht ganz klar, aber thematisch sage ich mal ganz salopp, es gibt keinen besseren Anfangspunkt, um Euch einen kurzen, unverblümten Einblick zu verschaffen. In dieser unbeschwerten Zeit habe ich nie daran gedacht, dass ich mal so einsam, wie ich gegenwertig bin, sein werde. In dieser Zeit habe ich einfach machen können, was ich wollte. Vor Ort musste man nie darüber nachdenken, was aus meinem Leben wird. Das hauptsächliche Ziel war es für uns, dass Abschlussziel zu erreichen – sprich die 10. Klasse, um dann später in der angegliederten Werkstadt einen Job zu bekommen. In der Schulzeit hatte ich in meinem stressfreien Leben sogar die wunderbare Chance nicht nur eine Freundin zu haben, sondern sogar drei. Mit der dritten Freundin war es dann sogar so intensiv, dass wir uns in der Kelleretage in einen Heizungs- / Technikraum verschanzten. Hier haben wir dann für unser Alter schon recht „verbotene“ Dinge erlebt. Sie hieß Wibke und ich durfte ihre fast fertigentwickelten Knospen mit meinen Lippen berühren. </em>[Sicherlich – ich hätte damals diese Erfahrung nie so blumig – versaut – anrüchig geschildert, aber das ist das schöne, wenn man mehr Bildung genossen hat als im Internat dann würde es jetzt wohl alles anders formuliert sein.]<em> Auch trafen wir uns immer öfter in unserem Versteck. Trotz der sehr intimen Erlebnisse – waren unsere Knutschereien einfach das genialste. Bis auch auf das gemeinsame zur Toilette gehen. Mmmmhhh &#8211; ich mochte es ihr zuzuhören und den Slip am Boden liegend zu beäugeln – eine scharfe Sache muss ich gestehen.</em></p></blockquote>
<p>Nun gut jetzt soll es aber noch etwas um das eigentliche Thema gehen. Nachdem ich vom Leistungsträger das erste Angebot bekommen habe, habe ich glatt gedacht, die wollen mich veräppeln. Selbst bieten sie einen Stundenlohn von Arbeitnehmerbrutto mit 12,- Euro an und wollen mich tatsächlich mit etwas über 7,- Euro versorgen.</p>
<p><em>Brief über das erste Angebot vom LWL Münster, in der Sache Hemme  ./.  LWL Münster</em></p>
<div class='polaroid-gallery galleryid-56' style='width:510px;'>
			<a href="http://buch.modernklusion.de/wp-content/uploads/2018/01/beschluss-s01-724x1024.png" title="beschluss-s01" rel="polaroid_775732851" class="polaroid-gallery-item showcaption"><span class="polaroid-gallery-image" title="" style="background-image: url(http://buch.modernklusion.de/wp-content/uploads/2018/01/beschluss-s01-150x150.png); width: 150px; height: 150px;"></span></a>
			<a href="http://buch.modernklusion.de/wp-content/uploads/2018/01/beschluss-s02-724x1024.png" title="beschluss-s02" rel="polaroid_775732851" class="polaroid-gallery-item showcaption"><span class="polaroid-gallery-image" title="" style="background-image: url(http://buch.modernklusion.de/wp-content/uploads/2018/01/beschluss-s02-150x150.png); width: 150px; height: 150px;"></span></a>
			<a href="http://buch.modernklusion.de/wp-content/uploads/2018/01/beschluss-s03-724x1024.png" title="beschluss-s03" rel="polaroid_775732851" class="polaroid-gallery-item showcaption"><span class="polaroid-gallery-image" title="" style="background-image: url(http://buch.modernklusion.de/wp-content/uploads/2018/01/beschluss-s03-150x150.png); width: 150px; height: 150px;"></span></a>
			<br style="clear: both;" /></div>

<p><strong><div class="alignleft"><a href="http://buch.modernklusion.de/?page_id=54" title="Erstes Problem mit dem LWL">Letztes Kapitel: Erstes Problem mit dem LWL</a></div><div class="alignright"><a href="http://buch.modernklusion.de/?page_id=58" title="Erstes Treffen mit Penteridis">Nächstes Kapitel: Erstes Treffen mit Penteridis</a></div></strong></p>
<p>&nbsp;</p>
<p><a href="#_ftnref1" name="_ftn1">[1]</a> Die Werner-Dicke-Schule (WDS) ist eine staatlich anerkannte Ganztagsschule für Kinder und Jugendliche mit Körperbehinderungen. In der WDS lernen Schülerinnen und Schüler von der Eingangsstufe bis zur Klasse 10. Wir unterstützen und ermuntern unsere Schülerinnen und Schüler, ihr Leben in der Gesellschaft möglichst selbständig und eigenverantwortlich zu gestalten.</p>
