{"id":54,"date":"2017-12-07T14:12:55","date_gmt":"2017-12-07T14:12:55","guid":{"rendered":"http:\/\/buch.modernklusion.de\/?page_id=54"},"modified":"2018-01-01T16:15:44","modified_gmt":"2018-01-01T16:15:44","slug":"erstes-problem-mit-dem-lwl-reibungsloser-uebergang-von-caritas-zu-hr-em-nicht-moeglich","status":"publish","type":"page","link":"http:\/\/buch.modernklusion.de\/?page_id=54","title":{"rendered":"Erstes Problem mit dem LWL"},"content":{"rendered":"<p><em>\u2013 reibungsloser \u00dcbergang von Caritas zu Hr. Em nicht m\u00f6glich&#8230;<\/em><\/p>\n<p>Nach dem die Angebote, beide in etwa der gleichen H\u00f6he von knapp 18.000,- Euro, schrieb mir der LWL folgendes:<\/p>\n<div class='polaroid-gallery galleryid-54' style='width:170px;'>\n\t\t\t<a href=\"http:\/\/buch.modernklusion.de\/wp-content\/uploads\/2018\/01\/bescheid-01-1024x885.png\" title=\"bescheid-01\" rel=\"polaroid_1385247362\" class=\"polaroid-gallery-item showcaption\"><span class=\"polaroid-gallery-image\" title=\"\" style=\"background-image: url(http:\/\/buch.modernklusion.de\/wp-content\/uploads\/2018\/01\/bescheid-01-150x150.png); width: 150px; height: 150px;\"><\/span><\/a>\n\t\t\t<br style=\"clear: both;\" \/><\/div>\n\n<p>Dieser Auszug aus dem ersten Brief des Amtes war der Anlass, mich direkt zu einer rechtlichen Unterst\u00fctzung umzusehen. Gesagt \u2013 getan. Denn wir sprechen hier von einer Assistenz, die tag t\u00e4glich abgehalten werden sollte. W\u00e4re es nur um den Stundenanteil gegangen, h\u00e4tte ich keinen Anwalt nehmen m\u00fcssen, aber da es von nun an darum ging mein komplettes Leben abzusichern ben\u00f6tigte ich doch etwas mehr Geld. Als die Summe, die am 22.08.2011 veranschlagt wurde. Mir selbst ist klar, dass der Staat oder die Leistungstr\u00e4ger nicht die Reichsten sind, aber ganz ehrlich \u2013 was muss das muss. Ich m\u00f6chte doch auch nur denen, die mir assistieren einen angemessenen Lohn zahlen k\u00f6nnen. Und das geht nur, wenn ich den vereinbarten Stundensatz zahlen kann. Ganz ehrlich, man m\u00f6chte ja auch Assistenten haben, die diesen Job gerne machen und wer macht einen Job, der stundentechnisch so aufwendig ist, der dann nur mit umgerechnet netto 7,- Euro verg\u00fctet wird. Da kommt doch nichts bei rum\u2026<\/p>\n<p>Vergleicht man dann das Angebot des LWLs und ihren eigentlichen Richtlinien, wurde mir schnell klar, an diesem Punkt muss interveniert werden.<\/p>\n<p>Auch wenn ich vom LWL einen guten Stundenanteil zugesprochen bekommen habe, aber finanziell wird hier deutlich, dass am unteren Bereich angelangt operiert wird. Der LWL schreibt selbst folgende Kalkulation vor.<\/p>\n<div class='polaroid-gallery galleryid-54' style='width:170px;'>\n\t\t\t<a href=\"http:\/\/buch.modernklusion.de\/wp-content\/uploads\/2018\/01\/budget-kalk.png\" title=\"budget-kalk\" rel=\"polaroid_795800159\" class=\"polaroid-gallery-item showcaption\"><span class=\"polaroid-gallery-image\" title=\"\" style=\"background-image: url(http:\/\/buch.modernklusion.de\/wp-content\/uploads\/2018\/01\/budget-kalk-150x150.png); width: 150px; height: 150px;\"><\/span><\/a>\n\t\t\t<br style=\"clear: both;\" \/><\/div>\n\n<p><strong><div class=\"alignleft\"><a href=\"http:\/\/buch.modernklusion.de\/?page_id=52\" title=\"Angebote von Caritas und Alex Em\">Letztes Kapitel: Angebote von Caritas und Alex Em<\/a><\/div><div class=\"alignright\"><a href=\"http:\/\/buch.modernklusion.de\/?page_id=56\" title=\"Einspruch der angebotenen Geldleistung\">N\u00e4chstes Kapitel: Einspruch der angebotenen Geldleistung<\/a><\/div><\/strong><\/p>\n","protected":false},"excerpt":{"rendered":"<p>\u2013 reibungsloser \u00dcbergang von Caritas zu Hr. Em nicht m\u00f6glich&#8230; Nach dem die Angebote, beide in etwa der gleichen H\u00f6he<\/p>\n","protected":false},"author":1,"featured_media":0,"parent":0,"menu_order":0,"comment_status":"closed","ping_status":"closed","template":"","meta":{"footnotes":""},"_links":{"self":[{"href":"http:\/\/buch.modernklusion.de\/index.php?rest_route=\/wp\/v2\/pages\/54"}],"collection":[{"href":"http:\/\/buch.modernklusion.de\/index.php?rest_route=\/wp\/v2\/pages"}],"about":[{"href":"http:\/\/buch.modernklusion.de\/index.php?rest_route=\/wp\/v2\/types\/page"}],"author":[{"embeddable":true,"href":"http:\/\/buch.modernklusion.de\/index.php?rest_route=\/wp\/v2\/users\/1"}],"replies":[{"embeddable":true,"href":"http:\/\/buch.modernklusion.de\/index.php?rest_route=%2Fwp%2Fv2%2Fcomments&post=54"}],"version-history":[{"count":6,"href":"http:\/\/buch.modernklusion.de\/index.php?rest_route=\/wp\/v2\/pages\/54\/revisions"}],"predecessor-version":[{"id":224,"href":"http:\/\/buch.modernklusion.de\/index.php?rest_route=\/wp\/v2\/pages\/54\/revisions\/224"}],"wp:attachment":[{"href":"http:\/\/buch.modernklusion.de\/index.php?rest_route=%2Fwp%2Fv2%2Fmedia&parent=54"}],"curies":[{"name":"wp","href":"https:\/\/api.w.org\/{rel}","templated":true}]}}

<p><em>– reibungsloser Übergang von Caritas zu Hr. Em nicht möglich&#8230;</em></p>
<p>Nach dem die Angebote, beide in etwa der gleichen Höhe von knapp 18.000,- Euro, schrieb mir der LWL folgendes:</p>
<div class='polaroid-gallery galleryid-54' style='width:170px;'>
			<a href="http://buch.modernklusion.de/wp-content/uploads/2018/01/bescheid-01-1024x885.png" title="bescheid-01" rel="polaroid_1385247362" class="polaroid-gallery-item showcaption"><span class="polaroid-gallery-image" title="" style="background-image: url(http://buch.modernklusion.de/wp-content/uploads/2018/01/bescheid-01-150x150.png); width: 150px; height: 150px;"></span></a>
			<br style="clear: both;" /></div>

<p>Dieser Auszug aus dem ersten Brief des Amtes war der Anlass, mich direkt zu einer rechtlichen Unterstützung umzusehen. Gesagt – getan. Denn wir sprechen hier von einer Assistenz, die tag täglich abgehalten werden sollte. Wäre es nur um den Stundenanteil gegangen, hätte ich keinen Anwalt nehmen müssen, aber da es von nun an darum ging mein komplettes Leben abzusichern benötigte ich doch etwas mehr Geld. Als die Summe, die am 22.08.2011 veranschlagt wurde. Mir selbst ist klar, dass der Staat oder die Leistungsträger nicht die Reichsten sind, aber ganz ehrlich – was muss das muss. Ich möchte doch auch nur denen, die mir assistieren einen angemessenen Lohn zahlen können. Und das geht nur, wenn ich den vereinbarten Stundensatz zahlen kann. Ganz ehrlich, man möchte ja auch Assistenten haben, die diesen Job gerne machen und wer macht einen Job, der stundentechnisch so aufwendig ist, der dann nur mit umgerechnet netto 7,- Euro vergütet wird. Da kommt doch nichts bei rum…</p>
<p>Vergleicht man dann das Angebot des LWLs und ihren eigentlichen Richtlinien, wurde mir schnell klar, an diesem Punkt muss interveniert werden.</p>
<p>Auch wenn ich vom LWL einen guten Stundenanteil zugesprochen bekommen habe, aber finanziell wird hier deutlich, dass am unteren Bereich angelangt operiert wird. Der LWL schreibt selbst folgende Kalkulation vor.</p>
<div class='polaroid-gallery galleryid-54' style='width:170px;'>
			<a href="http://buch.modernklusion.de/wp-content/uploads/2018/01/budget-kalk.png" title="budget-kalk" rel="polaroid_795800159" class="polaroid-gallery-item showcaption"><span class="polaroid-gallery-image" title="" style="background-image: url(http://buch.modernklusion.de/wp-content/uploads/2018/01/budget-kalk-150x150.png); width: 150px; height: 150px;"></span></a>
			<br style="clear: both;" /></div>

<p><strong><div class="alignleft"><a href="http://buch.modernklusion.de/?page_id=52" title="Angebote von Caritas und Alex Em">Letztes Kapitel: Angebote von Caritas und Alex Em</a></div><div class="alignright"><a href="http://buch.modernklusion.de/?page_id=56" title="Einspruch der angebotenen Geldleistung">Nächstes Kapitel: Einspruch der angebotenen Geldleistung</a></div></strong></p>

<p>– reibungsloser Übergang von Caritas zu Hr. Em nicht möglich&#8230; Nach dem die Angebote, beide in etwa der gleichen Höhe</p>
