{"id":52,"date":"2017-12-07T14:12:11","date_gmt":"2017-12-07T14:12:11","guid":{"rendered":"http:\/\/buch.modernklusion.de\/?page_id=52"},"modified":"2018-01-01T15:24:45","modified_gmt":"2018-01-01T15:24:45","slug":"angebote-von-caritas-und-alex-em","status":"publish","type":"page","link":"http:\/\/buch.modernklusion.de\/?page_id=52","title":{"rendered":"Angebote von Caritas und Alex Em"},"content":{"rendered":"<p>Als dann werde ich Euch \/ Ihnen, wie auch immer, mal zeigen wie teuer ein Assistenzdienst ist und was es daf\u00fcr gibt.<\/p>\n<div class='polaroid-gallery galleryid-52' style='width:170px;'>\n\t\t\t<a href=\"http:\/\/buch.modernklusion.de\/wp-content\/uploads\/2018\/01\/angebot-em-724x1024.png\" title=\"angebot-em\" rel=\"polaroid_490750108\" class=\"polaroid-gallery-item showcaption\"><span class=\"polaroid-gallery-image\" title=\"\" style=\"background-image: url(http:\/\/buch.modernklusion.de\/wp-content\/uploads\/2018\/01\/angebot-em-150x150.png); width: 150px; height: 150px;\"><\/span><\/a>\n\t\t\t<br style=\"clear: both;\" \/><\/div>\n\n<p>Hierbei wird mir garantiert, dass ich zu jeder Tag- oder Nachtschicht tun kann, was mein Herz begehrt. Es ist schon sch\u00f6n zu wissen, das man kann, wenn man will. Aber trotz dessen ist es schwer diesen Zustand zu genie\u00dfen, wenn man wei\u00df, dass es Personen gibt, die es einem schwerer und schwerer gestalten ein solches Leben zu f\u00fchren.<\/p>\n<p>Der Aspekt hierbei war es, dass der Assistenzbedarf f\u00fcr die <strong>Rund-um-die-Uhr<\/strong> Betreuung zu teuer war. Warum? Gute Frage! Zum einen weil der berechnete Stundensatz bei 25,- Euro lag und zum anderen, weil auf diese Summe noch Gewinnkurtage k\u00e4me. Bei einer solchen Summe war das nat\u00fcrlich nicht wenig. Geradezu extraordin\u00e4r &#8211; <strong>2MUCH<\/strong>. Aber wer es so will \u2013 der will. Mir, in meinem Verst\u00e4ndnis von Wirtschaftlichkeit, ist es auch zu viel, besser gesagt zu hochgegriffen. Dennoch denke ich in diesem Zusammenhang tut das nichts zur Sache. Ich bin immer der Meinung, was ben\u00f6tigt wird muss gezahlt werden. Ich w\u00fcrde auch lieber einen Satz eigener Beine und Arme besitzen wollen, bevor ich st\u00e4ndig von netten und hilfsbereiten Assistenten umgeben bin und kann nie etwas f\u00fcr mich alleine sein.<\/p>\n<p><strong><div class=\"alignleft\"><a href=\"http:\/\/buch.modernklusion.de\/?page_id=50\" title=\"Erste Ergebnisse mit dem Umfang von 20 Stunden\">Letztes Kapitel: Erste Ergebnisse mit dem Umfang von 20 Stunden<\/a><\/div><div class=\"alignright\"><a href=\"http:\/\/buch.modernklusion.de\/?page_id=54\" title=\"Erstes Problem mit dem LWL\">N\u00e4chstes Kapitel: Erstes Problem mit dem LWL<\/a><\/div><\/strong><\/p>\n","protected":false},"excerpt":{"rendered":"<p>Als dann werde ich Euch \/ Ihnen, wie auch immer, mal zeigen wie teuer ein Assistenzdienst ist und was es<\/p>\n","protected":false},"author":1,"featured_media":0,"parent":0,"menu_order":0,"comment_status":"closed","ping_status":"closed","template":"","meta":{"footnotes":""},"_links":{"self":[{"href":"http:\/\/buch.modernklusion.de\/index.php?rest_route=\/wp\/v2\/pages\/52"}],"collection":[{"href":"http:\/\/buch.modernklusion.de\/index.php?rest_route=\/wp\/v2\/pages"}],"about":[{"href":"http:\/\/buch.modernklusion.de\/index.php?rest_route=\/wp\/v2\/types\/page"}],"author":[{"embeddable":true,"href":"http:\/\/buch.modernklusion.de\/index.php?rest_route=\/wp\/v2\/users\/1"}],"replies":[{"embeddable":true,"href":"http:\/\/buch.modernklusion.de\/index.php?rest_route=%2Fwp%2Fv2%2Fcomments&post=52"}],"version-history":[{"count":5,"href":"http:\/\/buch.modernklusion.de\/index.php?rest_route=\/wp\/v2\/pages\/52\/revisions"}],"predecessor-version":[{"id":217,"href":"http:\/\/buch.modernklusion.de\/index.php?rest_route=\/wp\/v2\/pages\/52\/revisions\/217"}],"wp:attachment":[{"href":"http:\/\/buch.modernklusion.de\/index.php?rest_route=%2Fwp%2Fv2%2Fmedia&parent=52"}],"curies":[{"name":"wp","href":"https:\/\/api.w.org\/{rel}","templated":true}]}}

<p>Als dann werde ich Euch / Ihnen, wie auch immer, mal zeigen wie teuer ein Assistenzdienst ist und was es dafür gibt.</p>
<div class='polaroid-gallery galleryid-52' style='width:170px;'>
			<a href="http://buch.modernklusion.de/wp-content/uploads/2018/01/angebot-em-724x1024.png" title="angebot-em" rel="polaroid_490750108" class="polaroid-gallery-item showcaption"><span class="polaroid-gallery-image" title="" style="background-image: url(http://buch.modernklusion.de/wp-content/uploads/2018/01/angebot-em-150x150.png); width: 150px; height: 150px;"></span></a>
			<br style="clear: both;" /></div>

<p>Hierbei wird mir garantiert, dass ich zu jeder Tag- oder Nachtschicht tun kann, was mein Herz begehrt. Es ist schon schön zu wissen, das man kann, wenn man will. Aber trotz dessen ist es schwer diesen Zustand zu genießen, wenn man weiß, dass es Personen gibt, die es einem schwerer und schwerer gestalten ein solches Leben zu führen.</p>
<p>Der Aspekt hierbei war es, dass der Assistenzbedarf für die <strong>Rund-um-die-Uhr</strong> Betreuung zu teuer war. Warum? Gute Frage! Zum einen weil der berechnete Stundensatz bei 25,- Euro lag und zum anderen, weil auf diese Summe noch Gewinnkurtage käme. Bei einer solchen Summe war das natürlich nicht wenig. Geradezu extraordinär &#8211; <strong>2MUCH</strong>. Aber wer es so will – der will. Mir, in meinem Verständnis von Wirtschaftlichkeit, ist es auch zu viel, besser gesagt zu hochgegriffen. Dennoch denke ich in diesem Zusammenhang tut das nichts zur Sache. Ich bin immer der Meinung, was benötigt wird muss gezahlt werden. Ich würde auch lieber einen Satz eigener Beine und Arme besitzen wollen, bevor ich ständig von netten und hilfsbereiten Assistenten umgeben bin und kann nie etwas für mich alleine sein.</p>
<p><strong><div class="alignleft"><a href="http://buch.modernklusion.de/?page_id=50" title="Erste Ergebnisse mit dem Umfang von 20 Stunden">Letztes Kapitel: Erste Ergebnisse mit dem Umfang von 20 Stunden</a></div><div class="alignright"><a href="http://buch.modernklusion.de/?page_id=54" title="Erstes Problem mit dem LWL">Nächstes Kapitel: Erstes Problem mit dem LWL</a></div></strong></p>
