{"id":50,"date":"2017-12-07T14:11:42","date_gmt":"2017-12-07T14:11:42","guid":{"rendered":"http:\/\/buch.modernklusion.de\/?page_id=50"},"modified":"2018-01-01T14:38:41","modified_gmt":"2018-01-01T14:38:41","slug":"erste-ergebnisse-mit-dem-umfang-von-20-stunden","status":"publish","type":"page","link":"http:\/\/buch.modernklusion.de\/?page_id=50","title":{"rendered":"Erste Ergebnisse mit dem Umfang von 20 Stunden"},"content":{"rendered":"<p>Das Gutachten ist tats\u00e4chlich positiv ausgefallen. Ob sie es glauben oder nicht, aber lesen sie selbst.<\/p>\n<div class='polaroid-gallery galleryid-50' style='width:340px;'>\n\t\t\t<a href=\"http:\/\/buch.modernklusion.de\/wp-content\/uploads\/2018\/01\/umfang-s1-724x1024.png\" title=\"umfang-s1\" rel=\"polaroid_487321357\" class=\"polaroid-gallery-item showcaption\"><span class=\"polaroid-gallery-image\" title=\"\" style=\"background-image: url(http:\/\/buch.modernklusion.de\/wp-content\/uploads\/2018\/01\/umfang-s1-150x150.png); width: 150px; height: 150px;\"><\/span><\/a>\n\t\t\t<a href=\"http:\/\/buch.modernklusion.de\/wp-content\/uploads\/2018\/01\/umfang-s2-724x1024.png\" title=\"umfang-s2\" rel=\"polaroid_487321357\" class=\"polaroid-gallery-item showcaption\"><span class=\"polaroid-gallery-image\" title=\"\" style=\"background-image: url(http:\/\/buch.modernklusion.de\/wp-content\/uploads\/2018\/01\/umfang-s2-150x150.png); width: 150px; height: 150px;\"><\/span><\/a>\n\t\t\t<br style=\"clear: both;\" \/><\/div>\n\n<p>Na was denken sie. Sind sie auch so positive \u00fcberrascht \u2013 wie ich?<\/p>\n<p>Ich sage nur so viel. Das ist die Ruhe vor dem Sturm. Denn Wochen sp\u00e4ter wurde man wieder Zeitzeuge von etwas Anderem. Worauf ich aber h\u00e4tte gut und gerne verzichten k\u00f6nnen. Wenn es also darum geht, seine Klienten im Glauben zu lassen, dass alles funktioniert und sich wohl nichts Weiteres gegen mein neues Leben stellen wird. Ist der Leistungstr\u00e4ger aus M\u00fcnster ein wahrer Meister auf diesem Gebiet. Man kann sagen, dass sie ihr Handwerk verstehen, aber nicht in dem was sie anbieten \u2013 w\u00e4re ja auch zu einfach. Sie sind eher Spezialisten im Sinne von systematischer \u2013 psychischer Zerst\u00f6rung. Und das in jeglicher Hinsicht.<\/p>\n<p>Aber warum ich das behaupte?<\/p>\n<p>Ich werde es allen sagen, aber sch\u00e4tzungsweise in 20 bis 30 Seiten! Kleiner Scherz ich werde es im Kapitel \u201eErstes Problem mit dem LWL \u2013 reibungsloser \u00dcbergang von Caritas zu Hr. Em nicht m\u00f6glich\u201c. Also nicht mal mehr soweit hin \ud83d\ude09<\/p>\n<p>Dann geht es los mit der unendlichen Odyssee im Blockbuster \u201eBehinderte behindern\u201c oder \u201eDer LWL\u201c mit dem Untertitel \u201eWie mache ich das Leben f\u00fcr Behinderte noch holpriger\u201c. Sch\u00f6ner Titel oder meint ihr nicht.<\/p>\n<p>So nun wende ich mich dem n\u00e4chsten Teilkapitel zu. Ist zwar nicht ergiebig gewesen dieses Kapitel, aber mehr als den Brief und die Andeutungen zu der bevorstehenden Odyssee &#8211; ist nicht mehr zu erw\u00e4hnen. Also sollte es auch dabei belassen werden.<\/p>\n<p><strong><div class=\"alignleft\"><a href=\"http:\/\/buch.modernklusion.de\/?page_id=48\" title=\"Juni Besuch des Gutachters\">Letztes Kapitel: Juni Besuch des Gutachters<\/a><\/div><div class=\"alignright\"><a href=\"http:\/\/buch.modernklusion.de\/?page_id=52\" title=\"Angebote von Caritas und Alex Em\">N\u00e4chstes Kapitel: Angebote von Caritas und Alex Em<\/a><\/div><\/strong><\/p>\n","protected":false},"excerpt":{"rendered":"<p>Das Gutachten ist tats\u00e4chlich positiv ausgefallen. Ob sie es glauben oder nicht, aber lesen sie selbst. Na was denken sie.<\/p>\n","protected":false},"author":1,"featured_media":0,"parent":0,"menu_order":0,"comment_status":"closed","ping_status":"closed","template":"","meta":{"footnotes":""},"_links":{"self":[{"href":"http:\/\/buch.modernklusion.de\/index.php?rest_route=\/wp\/v2\/pages\/50"}],"collection":[{"href":"http:\/\/buch.modernklusion.de\/index.php?rest_route=\/wp\/v2\/pages"}],"about":[{"href":"http:\/\/buch.modernklusion.de\/index.php?rest_route=\/wp\/v2\/types\/page"}],"author":[{"embeddable":true,"href":"http:\/\/buch.modernklusion.de\/index.php?rest_route=\/wp\/v2\/users\/1"}],"replies":[{"embeddable":true,"href":"http:\/\/buch.modernklusion.de\/index.php?rest_route=%2Fwp%2Fv2%2Fcomments&post=50"}],"version-history":[{"count":4,"href":"http:\/\/buch.modernklusion.de\/index.php?rest_route=\/wp\/v2\/pages\/50\/revisions"}],"predecessor-version":[{"id":212,"href":"http:\/\/buch.modernklusion.de\/index.php?rest_route=\/wp\/v2\/pages\/50\/revisions\/212"}],"wp:attachment":[{"href":"http:\/\/buch.modernklusion.de\/index.php?rest_route=%2Fwp%2Fv2%2Fmedia&parent=50"}],"curies":[{"name":"wp","href":"https:\/\/api.w.org\/{rel}","templated":true}]}}

<p>Das Gutachten ist tatsächlich positiv ausgefallen. Ob sie es glauben oder nicht, aber lesen sie selbst.</p>
<div class='polaroid-gallery galleryid-50' style='width:340px;'>
			<a href="http://buch.modernklusion.de/wp-content/uploads/2018/01/umfang-s1-724x1024.png" title="umfang-s1" rel="polaroid_487321357" class="polaroid-gallery-item showcaption"><span class="polaroid-gallery-image" title="" style="background-image: url(http://buch.modernklusion.de/wp-content/uploads/2018/01/umfang-s1-150x150.png); width: 150px; height: 150px;"></span></a>
			<a href="http://buch.modernklusion.de/wp-content/uploads/2018/01/umfang-s2-724x1024.png" title="umfang-s2" rel="polaroid_487321357" class="polaroid-gallery-item showcaption"><span class="polaroid-gallery-image" title="" style="background-image: url(http://buch.modernklusion.de/wp-content/uploads/2018/01/umfang-s2-150x150.png); width: 150px; height: 150px;"></span></a>
			<br style="clear: both;" /></div>

<p>Na was denken sie. Sind sie auch so positive überrascht – wie ich?</p>
<p>Ich sage nur so viel. Das ist die Ruhe vor dem Sturm. Denn Wochen später wurde man wieder Zeitzeuge von etwas Anderem. Worauf ich aber hätte gut und gerne verzichten können. Wenn es also darum geht, seine Klienten im Glauben zu lassen, dass alles funktioniert und sich wohl nichts Weiteres gegen mein neues Leben stellen wird. Ist der Leistungsträger aus Münster ein wahrer Meister auf diesem Gebiet. Man kann sagen, dass sie ihr Handwerk verstehen, aber nicht in dem was sie anbieten – wäre ja auch zu einfach. Sie sind eher Spezialisten im Sinne von systematischer – psychischer Zerstörung. Und das in jeglicher Hinsicht.</p>
<p>Aber warum ich das behaupte?</p>
<p>Ich werde es allen sagen, aber schätzungsweise in 20 bis 30 Seiten! Kleiner Scherz ich werde es im Kapitel „Erstes Problem mit dem LWL – reibungsloser Übergang von Caritas zu Hr. Em nicht möglich“. Also nicht mal mehr soweit hin 😉</p>
<p>Dann geht es los mit der unendlichen Odyssee im Blockbuster „Behinderte behindern“ oder „Der LWL“ mit dem Untertitel „Wie mache ich das Leben für Behinderte noch holpriger“. Schöner Titel oder meint ihr nicht.</p>
<p>So nun wende ich mich dem nächsten Teilkapitel zu. Ist zwar nicht ergiebig gewesen dieses Kapitel, aber mehr als den Brief und die Andeutungen zu der bevorstehenden Odyssee &#8211; ist nicht mehr zu erwähnen. Also sollte es auch dabei belassen werden.</p>
<p><strong><div class="alignleft"><a href="http://buch.modernklusion.de/?page_id=48" title="Juni Besuch des Gutachters">Letztes Kapitel: Juni Besuch des Gutachters</a></div><div class="alignright"><a href="http://buch.modernklusion.de/?page_id=52" title="Angebote von Caritas und Alex Em">Nächstes Kapitel: Angebote von Caritas und Alex Em</a></div></strong></p>

<p>Das Gutachten ist tatsächlich positiv ausgefallen. Ob sie es glauben oder nicht, aber lesen sie selbst. Na was denken sie.</p>
