{"id":104,"date":"2017-12-07T14:39:58","date_gmt":"2017-12-07T14:39:58","guid":{"rendered":"http:\/\/buch.modernklusion.de\/?page_id=104"},"modified":"2018-01-03T17:41:52","modified_gmt":"2018-01-03T17:41:52","slug":"mai-2013-und-immer-noch-keine-entscheidung","status":"publish","type":"page","link":"http:\/\/buch.modernklusion.de\/?page_id=104","title":{"rendered":"Mai 2013 und immer noch keine Entscheidung"},"content":{"rendered":"<p>Unter diesem anmutig klingenden Titel verbirgt sich eigentlich nur das Vorgehen eine endg\u00fcltige Vereinbarung zwischen dem Antragsteller und dem Leistungstr\u00e4ger. Das Zauberwort hei\u00dft hier: <strong>Zielvereinbarung<a href=\"#_ftn1\" name=\"_ftnref1\">[1]<\/a><\/strong>.<\/p>\n<p>Eine sogenannte Zielvereinbarung kl\u00e4rt und h\u00e4lt fest,<\/p>\n<div class='polaroid-gallery galleryid-104' style='width:510px;'>\n\t\t\t<a href=\"http:\/\/buch.modernklusion.de\/wp-content\/uploads\/2018\/01\/zielvereinbarung-s01-724x1024.png\" title=\"zielvereinbarung-s01\" rel=\"polaroid_1341783318\" class=\"polaroid-gallery-item showcaption\"><span class=\"polaroid-gallery-image\" title=\"\" style=\"background-image: url(http:\/\/buch.modernklusion.de\/wp-content\/uploads\/2018\/01\/zielvereinbarung-s01-150x150.png); width: 150px; height: 150px;\"><\/span><\/a>\n\t\t\t<a href=\"http:\/\/buch.modernklusion.de\/wp-content\/uploads\/2018\/01\/zielvereinbarung-s02-724x1024.png\" title=\"zielvereinbarung-s02\" rel=\"polaroid_1341783318\" class=\"polaroid-gallery-item showcaption\"><span class=\"polaroid-gallery-image\" title=\"\" style=\"background-image: url(http:\/\/buch.modernklusion.de\/wp-content\/uploads\/2018\/01\/zielvereinbarung-s02-150x150.png); width: 150px; height: 150px;\"><\/span><\/a>\n\t\t\t<a href=\"http:\/\/buch.modernklusion.de\/wp-content\/uploads\/2018\/01\/zielvereinbarung-s03-724x1024.png\" title=\"zielvereinbarung-s03\" rel=\"polaroid_1341783318\" class=\"polaroid-gallery-item showcaption\"><span class=\"polaroid-gallery-image\" title=\"\" style=\"background-image: url(http:\/\/buch.modernklusion.de\/wp-content\/uploads\/2018\/01\/zielvereinbarung-s03-150x150.png); width: 150px; height: 150px;\"><\/span><\/a>\n\t\t\t<br style=\"clear: both;\" \/><\/div>\n\n<p>Wenn nun endlich dieser Schritt getan w\u00e4re mit den absoluten Wunschzahlen, dann h\u00e4tte ich erst mal einen festen Betrag.<\/p>\n<blockquote><p>Wenn alles im allen ber\u00fccksichtigt werden w\u00fcrde, dann s\u00e4he das Budget wie folgt aus:<\/p><\/blockquote>\n<p><img loading=\"lazy\" decoding=\"async\" class=\"aligncenter size-full wp-image-313\" src=\"http:\/\/buch.modernklusion.de\/wp-content\/uploads\/2018\/01\/budget-304.png\" alt=\"\" width=\"659\" height=\"469\" srcset=\"http:\/\/buch.modernklusion.de\/wp-content\/uploads\/2018\/01\/budget-304.png 659w, http:\/\/buch.modernklusion.de\/wp-content\/uploads\/2018\/01\/budget-304-300x214.png 300w\" sizes=\"(max-width: 659px) 100vw, 659px\" \/><\/p>\n<blockquote><p>W\u00fcnschenswert w\u00e4re jedoch:<\/p><\/blockquote>\n<p><img loading=\"lazy\" decoding=\"async\" class=\"aligncenter size-full wp-image-314\" src=\"http:\/\/buch.modernklusion.de\/wp-content\/uploads\/2018\/01\/budget-304-eigentlich.png\" alt=\"\" width=\"655\" height=\"543\" srcset=\"http:\/\/buch.modernklusion.de\/wp-content\/uploads\/2018\/01\/budget-304-eigentlich.png 655w, http:\/\/buch.modernklusion.de\/wp-content\/uploads\/2018\/01\/budget-304-eigentlich-300x249.png 300w\" sizes=\"(max-width: 655px) 100vw, 655px\" \/><\/p>\n<blockquote><p>Dennoch bewilligt bis Dato der Leistungstr\u00e4ger eine Budgeth\u00f6he von:<\/p><\/blockquote>\n<div class='polaroid-gallery galleryid-104' style='width:170px;'>\n\t\t\t<a href=\"http:\/\/buch.modernklusion.de\/wp-content\/uploads\/2018\/01\/budget-304-anpassung-724x1024.png\" title=\"budget-304-anpassung\" rel=\"polaroid_1867703332\" class=\"polaroid-gallery-item showcaption\"><span class=\"polaroid-gallery-image\" title=\"\" style=\"background-image: url(http:\/\/buch.modernklusion.de\/wp-content\/uploads\/2018\/01\/budget-304-anpassung-150x150.png); width: 150px; height: 150px;\"><\/span><\/a>\n\t\t\t<br style=\"clear: both;\" \/><\/div>\n\n<p>Sauber \u00fcbersetzt s\u00e4he die Kalkulation so aus und macht zurzeit Summesumarum 10.319,55\u20ac aus, dennoch fehlen in dieser Berechnung immer noch ein paar Euros. <strong>Und zwar exakt 1819,93\u20ac.<\/strong><\/p>\n<p><strong><div class=\"alignleft\"><a href=\"http:\/\/buch.modernklusion.de\/?page_id=102\" title=\"Antrag auf Weiterf\u00fchrung des Budgets\">Letztes Kapitel: Antrag auf Weiterf\u00fchrung des Budgets<\/a><\/div> <\/strong><strong><div class=\"alignright\"><a href=\"http:\/\/buch.modernklusion.de\/?page_id=106\" title=\"Der Sitz dr\u00fcckt\">N\u00e4chstes Kapitel: Der Sitz dr\u00fcckt<\/a><\/div><\/strong><\/p>\n<p>&nbsp;<\/p>\n<p><a href=\"#_ftnref1\" name=\"_ftn1\">[1]<\/a> Vgl. allgemeine Definition aus der BWL: &#8211; Der Begriff Zielvereinbarung bezeichnet eine F\u00fchrungstechnik, bei der sich eine F\u00fchrungskraft und ihre Mitarbeiter auf die Realisierung von Zielen der Organisation einigen.<\/p>\n","protected":false},"excerpt":{"rendered":"<p>Unter diesem anmutig klingenden Titel verbirgt sich eigentlich nur das Vorgehen eine endg\u00fcltige Vereinbarung zwischen dem Antragsteller und dem Leistungstr\u00e4ger.<\/p>\n","protected":false},"author":1,"featured_media":0,"parent":0,"menu_order":0,"comment_status":"closed","ping_status":"closed","template":"","meta":{"footnotes":""},"_links":{"self":[{"href":"http:\/\/buch.modernklusion.de\/index.php?rest_route=\/wp\/v2\/pages\/104"}],"collection":[{"href":"http:\/\/buch.modernklusion.de\/index.php?rest_route=\/wp\/v2\/pages"}],"about":[{"href":"http:\/\/buch.modernklusion.de\/index.php?rest_route=\/wp\/v2\/types\/page"}],"author":[{"embeddable":true,"href":"http:\/\/buch.modernklusion.de\/index.php?rest_route=\/wp\/v2\/users\/1"}],"replies":[{"embeddable":true,"href":"http:\/\/buch.modernklusion.de\/index.php?rest_route=%2Fwp%2Fv2%2Fcomments&post=104"}],"version-history":[{"count":6,"href":"http:\/\/buch.modernklusion.de\/index.php?rest_route=\/wp\/v2\/pages\/104\/revisions"}],"predecessor-version":[{"id":316,"href":"http:\/\/buch.modernklusion.de\/index.php?rest_route=\/wp\/v2\/pages\/104\/revisions\/316"}],"wp:attachment":[{"href":"http:\/\/buch.modernklusion.de\/index.php?rest_route=%2Fwp%2Fv2%2Fmedia&parent=104"}],"curies":[{"name":"wp","href":"https:\/\/api.w.org\/{rel}","templated":true}]}}

<p>Unter diesem anmutig klingenden Titel verbirgt sich eigentlich nur das Vorgehen eine endgültige Vereinbarung zwischen dem Antragsteller und dem Leistungsträger. Das Zauberwort heißt hier: <strong>Zielvereinbarung<a href="#_ftn1" name="_ftnref1">[1]</a></strong>.</p>
<p>Eine sogenannte Zielvereinbarung klärt und hält fest,</p>
<div class='polaroid-gallery galleryid-104' style='width:510px;'>
			<a href="http://buch.modernklusion.de/wp-content/uploads/2018/01/zielvereinbarung-s01-724x1024.png" title="zielvereinbarung-s01" rel="polaroid_1341783318" class="polaroid-gallery-item showcaption"><span class="polaroid-gallery-image" title="" style="background-image: url(http://buch.modernklusion.de/wp-content/uploads/2018/01/zielvereinbarung-s01-150x150.png); width: 150px; height: 150px;"></span></a>
			<a href="http://buch.modernklusion.de/wp-content/uploads/2018/01/zielvereinbarung-s02-724x1024.png" title="zielvereinbarung-s02" rel="polaroid_1341783318" class="polaroid-gallery-item showcaption"><span class="polaroid-gallery-image" title="" style="background-image: url(http://buch.modernklusion.de/wp-content/uploads/2018/01/zielvereinbarung-s02-150x150.png); width: 150px; height: 150px;"></span></a>
			<a href="http://buch.modernklusion.de/wp-content/uploads/2018/01/zielvereinbarung-s03-724x1024.png" title="zielvereinbarung-s03" rel="polaroid_1341783318" class="polaroid-gallery-item showcaption"><span class="polaroid-gallery-image" title="" style="background-image: url(http://buch.modernklusion.de/wp-content/uploads/2018/01/zielvereinbarung-s03-150x150.png); width: 150px; height: 150px;"></span></a>
			<br style="clear: both;" /></div>

<p>Wenn nun endlich dieser Schritt getan wäre mit den absoluten Wunschzahlen, dann hätte ich erst mal einen festen Betrag.</p>
<blockquote><p>Wenn alles im allen berücksichtigt werden würde, dann sähe das Budget wie folgt aus:</p></blockquote>
<p><img loading="lazy" decoding="async" class="aligncenter size-full wp-image-313" src="http://buch.modernklusion.de/wp-content/uploads/2018/01/budget-304.png" alt="" width="659" height="469" srcset="http://buch.modernklusion.de/wp-content/uploads/2018/01/budget-304.png 659w, http://buch.modernklusion.de/wp-content/uploads/2018/01/budget-304-300x214.png 300w" sizes="(max-width: 659px) 100vw, 659px" /></p>
<blockquote><p>Wünschenswert wäre jedoch:</p></blockquote>
<p><img loading="lazy" decoding="async" class="aligncenter size-full wp-image-314" src="http://buch.modernklusion.de/wp-content/uploads/2018/01/budget-304-eigentlich.png" alt="" width="655" height="543" srcset="http://buch.modernklusion.de/wp-content/uploads/2018/01/budget-304-eigentlich.png 655w, http://buch.modernklusion.de/wp-content/uploads/2018/01/budget-304-eigentlich-300x249.png 300w" sizes="(max-width: 655px) 100vw, 655px" /></p>
<blockquote><p>Dennoch bewilligt bis Dato der Leistungsträger eine Budgethöhe von:</p></blockquote>
<div class='polaroid-gallery galleryid-104' style='width:170px;'>
			<a href="http://buch.modernklusion.de/wp-content/uploads/2018/01/budget-304-anpassung-724x1024.png" title="budget-304-anpassung" rel="polaroid_1867703332" class="polaroid-gallery-item showcaption"><span class="polaroid-gallery-image" title="" style="background-image: url(http://buch.modernklusion.de/wp-content/uploads/2018/01/budget-304-anpassung-150x150.png); width: 150px; height: 150px;"></span></a>
			<br style="clear: both;" /></div>

<p>Sauber übersetzt sähe die Kalkulation so aus und macht zurzeit Summesumarum 10.319,55€ aus, dennoch fehlen in dieser Berechnung immer noch ein paar Euros. <strong>Und zwar exakt 1819,93€.</strong></p>
<p><strong><div class="alignleft"><a href="http://buch.modernklusion.de/?page_id=102" title="Antrag auf Weiterführung des Budgets">Letztes Kapitel: Antrag auf Weiterführung des Budgets</a></div> </strong><strong><div class="alignright"><a href="http://buch.modernklusion.de/?page_id=106" title="Der Sitz drückt">Nächstes Kapitel: Der Sitz drückt</a></div></strong></p>
<p>&nbsp;</p>
<p><a href="#_ftnref1" name="_ftn1">[1]</a> Vgl. allgemeine Definition aus der BWL: &#8211; Der Begriff Zielvereinbarung bezeichnet eine Führungstechnik, bei der sich eine Führungskraft und ihre Mitarbeiter auf die Realisierung von Zielen der Organisation einigen.</p>

<p>Unter diesem anmutig klingenden Titel verbirgt sich eigentlich nur das Vorgehen eine endgültige Vereinbarung zwischen dem Antragsteller und dem Leistungsträger.</p>
